{"id":129,"date":"2019-03-19T11:56:30","date_gmt":"2019-03-19T10:56:30","guid":{"rendered":"https:\/\/albert.przemyska.pl\/?page_id=129"},"modified":"2019-03-23T16:54:01","modified_gmt":"2019-03-23T15:54:01","slug":"nasz-dekanat-przemysl-ii","status":"publish","type":"page","link":"https:\/\/albert.przemyska.pl\/?page_id=129","title":{"rendered":"Nasz Dekanat &#8211; Przemy\u015bl II"},"content":{"rendered":"\n<h2 class=\"wp-block-heading\"><strong><em>Dekanat: PRZEMY\u015aL II<\/em><\/strong><\/h2>\n\n\n\n<h2 class=\"wp-block-heading\"><strong><em>Archiprezbiterat Przemyski<\/em><\/strong><\/h2>\n\n\n\n<figure class=\"wp-block-image\"><img loading=\"lazy\" decoding=\"async\" width=\"709\" height=\"510\" src=\"https:\/\/albert.przemyska.pl\/wp-content\/uploads\/2019\/03\/dekanat.jpg\" alt=\"\" class=\"wp-image-130\" srcset=\"https:\/\/albert.przemyska.pl\/wp-content\/uploads\/2019\/03\/dekanat.jpg 709w, https:\/\/albert.przemyska.pl\/wp-content\/uploads\/2019\/03\/dekanat-300x216.jpg 300w\" sizes=\"auto, (max-width: 709px) 100vw, 709px\" \/><\/figure>\n\n\n\n<h2 class=\"wp-block-heading\"><strong><em>Kap\u0142ani odpowiedzialni za dekanat PRZEMY\u015aL II:<\/em><\/strong><\/h2>\n\n\n\n<table class=\"wp-block-table\"><tbody><tr><td><strong>&nbsp; &nbsp;Dziekan<\/strong><\/td><td><strong>&nbsp; &nbsp;ks. Marian&nbsp;<em>KO\u0179MA<\/em><\/strong><\/td><td><strong>&nbsp; &nbsp;tel. 16 670 66 68<\/strong><\/td><\/tr><tr><td><strong>&nbsp; &nbsp;Wicedziekan<\/strong><\/td><td><strong>&nbsp; &nbsp;ks. Jan&nbsp;<em>MAZUREK<\/em><\/strong><\/td><td><strong>&nbsp; &nbsp;tel. 16 679 03 34<\/strong><\/td><\/tr><tr><td><strong>&nbsp; &nbsp;Ojciec duchowny<\/strong><\/td><td><strong>&nbsp; &nbsp;ks. Tadeusz&nbsp;<em>BAJ<\/em><\/strong><\/td><td><strong>&nbsp; &nbsp;tel. 16&nbsp;677 94 20<\/strong><\/td><\/tr><\/tbody><\/table>\n\n\n\n<h2 class=\"wp-block-heading\"><strong><em>Duszpasterze dekanalni:<\/em><\/strong><\/h2>\n\n\n\n<table class=\"wp-block-table aligncenter has-fixed-layout is-style-stripes\"><tbody><tr><td><strong>&nbsp; &nbsp;Rodzin<\/strong><\/td><td><strong>&nbsp; &nbsp;ks. Aleksander&nbsp;<em>BURDZY<\/em><\/strong><\/td><td><strong>&nbsp; &nbsp;Przemy\u015bl &#8211; Kazan\u00f3w<\/strong><\/td><\/tr><tr><td><strong>&nbsp; &nbsp;M\u0142odzie\u017cy<\/strong><\/td><td><strong>&nbsp; &nbsp;ks. Krzysztof&nbsp;<em>\u017bY\u0141A<\/em><\/strong><\/td><td><strong>&nbsp; &nbsp;Przemy\u015bl &#8211; \u015awi\u0119tej Tr\u00f3jcy<\/strong><\/td><\/tr><tr><td><strong>&nbsp; &nbsp;S\u0142u\u017cby liturgicznej<\/strong><\/td><td><strong>&nbsp; &nbsp;ks. Marek SZCZ\u0118SNY<\/strong><\/td><td><strong>&nbsp; &nbsp;Przemy\u015bl&nbsp;&#8211;&nbsp;Kmiecie<\/strong><\/td><\/tr><tr><td><strong>&nbsp; &nbsp;Trze\u017awo\u015bci<\/strong><\/td><td><strong>&nbsp; &nbsp;ks. Maciej&nbsp;<em>KANDEFER<\/em><\/strong><\/td><td><strong>&nbsp; &nbsp;Przemy\u015bl &#8211; Monte Cassino<\/strong><\/td><\/tr><tr><td><strong>&nbsp; &nbsp;R\u00f3\u017c R\u00f3\u017ca\u0144cowych<\/strong><\/td><td><strong>&nbsp; &nbsp;ks. Krzysztof&nbsp;<em>PAWLISZKO<\/em><\/strong><\/td><td><strong>&nbsp; &nbsp;Ostr\u00f3w k\/Przemy\u015bla<\/strong><\/td><\/tr><tr><td><strong>&nbsp; &nbsp;Misji<\/strong><\/td><td><strong>&nbsp; &nbsp;ks. Robert&nbsp;<em>GRELA<\/em><\/strong><\/td><td><strong>  \u00a0Ku\u0144kowce<\/strong><br><\/td><\/tr><\/tbody><\/table>\n\n\n\n<h2 class=\"wp-block-heading\"><strong><em>Parafie naszego dekanatu:<br><br><\/em><\/strong><\/h2>\n\n\n\n<p><strong><a href=\"http:\/\/www.parafiabuszkowice.strefa.pl\/\" target=\"_blank\" rel=\"noreferrer noopener\">Buszkowice,&nbsp;<em>NMP Kr\u00f3lowej<\/em><\/a><\/strong><\/p>\n\n\n\n<p><strong>Buszkowice 134, 37-710 \u017bURAWICA<\/strong><br><strong><em>tel. 016 670 72 87<\/em><\/strong><\/p>\n\n\n\n<hr class=\"wp-block-separator\"\/>\n\n\n\n<p><strong><a href=\"http:\/\/www.kunkowce.przemyska.pl\/\" target=\"_blank\" rel=\"noreferrer noopener\">Ku\u0144kowce,&nbsp;<em>MB Cz\u0119stochowskiej<\/em><\/a><\/strong><\/p>\n\n\n\n<p><strong>Ku\u0144kowce, 37-756 KU\u0143KOWCE<\/strong><br><strong><em>tel. 016 671 00 38<\/em><\/strong><\/p>\n\n\n\n<hr class=\"wp-block-separator\"\/>\n\n\n\n<p><strong>Ostr\u00f3w k. Przemy\u015bla,&nbsp;<em>\u015bw. Marii Magdaleny<\/em><\/strong><\/p>\n\n\n\n<p><strong>Ostr\u00f3w 75, 37-756 KU\u0143KOWCE<\/strong><br><strong><em>tel. 016 671 05 89<\/em><\/strong><\/p>\n\n\n\n<hr class=\"wp-block-separator\"\/>\n\n\n\n<p><strong><a href=\"http:\/\/www.par-br-alberta.przemysl.opoka.org.pl\/\">Przemy\u015bl,&nbsp;<em>\u015bw. Brata Alberta<\/em><\/a><\/strong><\/p>\n\n\n\n<p><strong>ul. \u015bw. Brata Alberta 6, 37-700 PRZEMY\u015aL<\/strong><br><strong><em>tel. 016 670 21 08<\/em><\/strong><\/p>\n\n\n\n<hr class=\"wp-block-separator\"\/>\n\n\n\n<p><strong><a href=\"http:\/\/www.trojcaprzemysl.pl\/\" target=\"_blank\" rel=\"noreferrer noopener\">Przemy\u015bl,&nbsp;<em>Tr\u00f3jcy Przenaj\u015bwi\u0119tszej<\/em><\/a><\/strong><\/p>\n\n\n\n<p><strong>Plac Konstytucji 8, 37-700 PRZEMY\u015aL<\/strong><br><strong><em>tel. 016 670 43 51<\/em><\/strong><\/p>\n\n\n\n<hr class=\"wp-block-separator\"\/>\n\n\n\n<p><strong><a href=\"http:\/\/www.pelczar.przemyska.pl\/\" target=\"_blank\" rel=\"noreferrer noopener\">Przemy\u015bl,&nbsp;<em>\u015bw. J\u00f3zefa Sebastiana Pelczara<\/em><\/a><\/strong><\/p>\n\n\n\n<p><strong>ul. B. Chrobrego 64, 37-700 PRZEMY\u015aL<\/strong><br><strong><em>tel. 016 670 15 22<\/em><\/strong><\/p>\n\n\n\n<hr class=\"wp-block-separator\"\/>\n\n\n\n<p><strong><a href=\"http:\/\/www.kazanow.przemyska.pl\/\" target=\"_blank\" rel=\"noreferrer noopener\">Przemy\u015bl Kazan\u00f3w,&nbsp;<em>\u015bw. Benedykta; Cyryla i Metodego<\/em><\/a><\/strong><\/p>\n\n\n\n<p><strong>ul. Opali\u0144skiego 7, 37-700 PRZEMY\u015aL<\/strong><br><strong><em>tel. 016 670 73 12<\/em><\/strong><\/p>\n\n\n\n<hr class=\"wp-block-separator\"\/>\n\n\n\n<p><strong><a href=\"http:\/\/www.parafia-mbkp-przemysl.org\/\" target=\"_blank\" rel=\"noreferrer noopener\">Przemy\u015bl Kmiecie,&nbsp;<em>NMP Kr\u00f3lowej Polski<\/em><\/a><\/strong><\/p>\n\n\n\n<p><strong>ul. Grunwaldzka 68 a, 37-700 PRZEMY\u015aL<\/strong><br><strong><em>tel. 016 670 66 68<\/em><\/strong><\/p>\n\n\n\n<hr class=\"wp-block-separator\"\/>\n\n\n\n<p><strong><a href=\"http:\/\/www.lipowica-przemysl.pl\/\" target=\"_blank\" rel=\"noreferrer noopener\">Przemy\u015bl Lipowica,&nbsp;<em>\u015bw. Stanis\u0142awa Biskupa<\/em><\/a><\/strong><\/p>\n\n\n\n<p><strong>ul. Z. Chrzanowskiej 11, 37-700 PRZEMY\u015aL<\/strong><br><strong><em>tel. 016 670 17 10<\/em><\/strong><\/p>\n\n\n\n<hr class=\"wp-block-separator\"\/>\n\n\n\n<p><strong><a href=\"http:\/\/www.milosierdzie-przemysl.webd.pl\/\">Przemy\u015bl Rycerskie,&nbsp;<em>Mi\u0142osierdzia Bo\u017cego<\/em><\/a><\/strong><\/p>\n\n\n\n<p><strong>ul. ks. P. Skargi 16, 37-700 PRZEMY\u015aL<\/strong><br><strong><em>tel. 016 670 06 67<\/em><\/strong><\/p>\n\n\n\n<hr class=\"wp-block-separator\"\/>\n\n\n\n<p><strong><a href=\"http:\/\/www.sdb-przemysl.pl\/parafia\/\" target=\"_blank\" rel=\"noreferrer noopener\">Przemy\u015bl Salezjanie,&nbsp;<em>\u015bw. J\u00f3zefa<\/em><\/a><\/strong><\/p>\n\n\n\n<p><strong>ul. \u015bw. Jana 3, 37-700 PRZEMY\u015aL<\/strong><br><strong><em>tel. 016 670 25 25<\/em><\/strong><\/p>\n","protected":false},"excerpt":{"rendered":"<p>Dekanat: PRZEMY\u015aL II Archiprezbiterat Przemyski Kap\u0142ani odpowiedzialni za dekanat PRZEMY\u015aL II: &nbsp; &nbsp;Dziekan &nbsp; &nbsp;ks. Marian&nbsp;KO\u0179MA &nbsp; &nbsp;tel. 16 670 66 68 &nbsp; &nbsp;Wicedziekan &nbsp; &nbsp;ks. Jan&nbsp;MAZUREK &nbsp; &nbsp;tel. 16 679 03 34 &nbsp; &nbsp;Ojciec duchowny &nbsp; &nbsp;ks. Tadeusz&nbsp;BAJ &nbsp; &nbsp;tel. 16&nbsp;677 94 20 Duszpasterze dekanalni: &nbsp; &nbsp;Rodzin &nbsp; &nbsp;ks. Aleksander&nbsp;BURDZY &nbsp; &nbsp;Przemy\u015bl &#8211; Kazan\u00f3w &hellip; <\/p>\n<p class=\"link-more\"><a href=\"https:\/\/albert.przemyska.pl\/?page_id=129\" class=\"more-link\">Czytaj dalej<span class=\"screen-reader-text\"> \u201eNasz Dekanat &#8211; Przemy\u015bl II\u201d<\/span><\/a><\/p>\n","protected":false},"author":1,"featured_media":0,"parent":97,"menu_order":0,"comment_status":"closed","ping_status":"closed","template":"","meta":{"footnotes":""},"class_list":["post-129","page","type-page","status-publish","hentry"],"_links":{"self":[{"href":"https:\/\/albert.przemyska.pl\/index.php?rest_route=\/wp\/v2\/pages\/129","targetHints":{"allow":["GET"]}}],"collection":[{"href":"https:\/\/albert.przemyska.pl\/index.php?rest_route=\/wp\/v2\/pages"}],"about":[{"href":"https:\/\/albert.przemyska.pl\/index.php?rest_route=\/wp\/v2\/types\/page"}],"author":[{"embeddable":true,"href":"https:\/\/albert.przemyska.pl\/index.php?rest_route=\/wp\/v2\/users\/1"}],"replies":[{"embeddable":true,"href":"https:\/\/albert.przemyska.pl\/index.php?rest_route=%2Fwp%2Fv2%2Fcomments&post=129"}],"version-history":[{"count":6,"href":"https:\/\/albert.przemyska.pl\/index.php?rest_route=\/wp\/v2\/pages\/129\/revisions"}],"predecessor-version":[{"id":392,"href":"https:\/\/albert.przemyska.pl\/index.php?rest_route=\/wp\/v2\/pages\/129\/revisions\/392"}],"up":[{"embeddable":true,"href":"https:\/\/albert.przemyska.pl\/index.php?rest_route=\/wp\/v2\/pages\/97"}],"wp:attachment":[{"href":"https:\/\/albert.przemyska.pl\/index.php?rest_route=%2Fwp%2Fv2%2Fmedia&parent=129"}],"curies":[{"name":"wp","href":"https:\/\/api.w.org\/{rel}","templated":true}]}}

Nasz Dekanat &#8211; Przemyśl II

<h2 class="wp-block-heading"><strong><em>Dekanat: PRZEMYŚL II</em></strong></h2>



<h2 class="wp-block-heading"><strong><em>Archiprezbiterat Przemyski</em></strong></h2>



<figure class="wp-block-image"><img loading="lazy" decoding="async" width="709" height="510" src="https://albert.przemyska.pl/wp-content/uploads/2019/03/dekanat.jpg" alt="" class="wp-image-130" srcset="https://albert.przemyska.pl/wp-content/uploads/2019/03/dekanat.jpg 709w, https://albert.przemyska.pl/wp-content/uploads/2019/03/dekanat-300x216.jpg 300w" sizes="auto, (max-width: 709px) 100vw, 709px" /></figure>



<h2 class="wp-block-heading"><strong><em>Kapłani odpowiedzialni za dekanat PRZEMYŚL II:</em></strong></h2>



<table class="wp-block-table"><tbody><tr><td><strong>&nbsp; &nbsp;Dziekan</strong></td><td><strong>&nbsp; &nbsp;ks. Marian&nbsp;<em>KOŹMA</em></strong></td><td><strong>&nbsp; &nbsp;tel. 16 670 66 68</strong></td></tr><tr><td><strong>&nbsp; &nbsp;Wicedziekan</strong></td><td><strong>&nbsp; &nbsp;ks. Jan&nbsp;<em>MAZUREK</em></strong></td><td><strong>&nbsp; &nbsp;tel. 16 679 03 34</strong></td></tr><tr><td><strong>&nbsp; &nbsp;Ojciec duchowny</strong></td><td><strong>&nbsp; &nbsp;ks. Tadeusz&nbsp;<em>BAJ</em></strong></td><td><strong>&nbsp; &nbsp;tel. 16&nbsp;677 94 20</strong></td></tr></tbody></table>



<h2 class="wp-block-heading"><strong><em>Duszpasterze dekanalni:</em></strong></h2>



<table class="wp-block-table aligncenter has-fixed-layout is-style-stripes"><tbody><tr><td><strong>&nbsp; &nbsp;Rodzin</strong></td><td><strong>&nbsp; &nbsp;ks. Aleksander&nbsp;<em>BURDZY</em></strong></td><td><strong>&nbsp; &nbsp;Przemyśl &#8211; Kazanów</strong></td></tr><tr><td><strong>&nbsp; &nbsp;Młodzieży</strong></td><td><strong>&nbsp; &nbsp;ks. Krzysztof&nbsp;<em>ŻYŁA</em></strong></td><td><strong>&nbsp; &nbsp;Przemyśl &#8211; Świętej Trójcy</strong></td></tr><tr><td><strong>&nbsp; &nbsp;Służby liturgicznej</strong></td><td><strong>&nbsp; &nbsp;ks. Marek SZCZĘSNY</strong></td><td><strong>&nbsp; &nbsp;Przemyśl&nbsp;&#8211;&nbsp;Kmiecie</strong></td></tr><tr><td><strong>&nbsp; &nbsp;Trzeźwości</strong></td><td><strong>&nbsp; &nbsp;ks. Maciej&nbsp;<em>KANDEFER</em></strong></td><td><strong>&nbsp; &nbsp;Przemyśl &#8211; Monte Cassino</strong></td></tr><tr><td><strong>&nbsp; &nbsp;Róż Różańcowych</strong></td><td><strong>&nbsp; &nbsp;ks. Krzysztof&nbsp;<em>PAWLISZKO</em></strong></td><td><strong>&nbsp; &nbsp;Ostrów k/Przemyśla</strong></td></tr><tr><td><strong>&nbsp; &nbsp;Misji</strong></td><td><strong>&nbsp; &nbsp;ks. Robert&nbsp;<em>GRELA</em></strong></td><td><strong>   Kuńkowce</strong><br></td></tr></tbody></table>



<h2 class="wp-block-heading"><strong><em>Parafie naszego dekanatu:<br><br></em></strong></h2>



<p><strong><a href="http://www.parafiabuszkowice.strefa.pl/" target="_blank" rel="noreferrer noopener">Buszkowice,&nbsp;<em>NMP Królowej</em></a></strong></p>



<p><strong>Buszkowice 134, 37-710 ŻURAWICA</strong><br><strong><em>tel. 016 670 72 87</em></strong></p>



<hr class="wp-block-separator"/>



<p><strong><a href="http://www.kunkowce.przemyska.pl/" target="_blank" rel="noreferrer noopener">Kuńkowce,&nbsp;<em>MB Częstochowskiej</em></a></strong></p>



<p><strong>Kuńkowce, 37-756 KUŃKOWCE</strong><br><strong><em>tel. 016 671 00 38</em></strong></p>



<hr class="wp-block-separator"/>



<p><strong>Ostrów k. Przemyśla,&nbsp;<em>św. Marii Magdaleny</em></strong></p>



<p><strong>Ostrów 75, 37-756 KUŃKOWCE</strong><br><strong><em>tel. 016 671 05 89</em></strong></p>



<hr class="wp-block-separator"/>



<p><strong><a href="http://www.par-br-alberta.przemysl.opoka.org.pl/">Przemyśl,&nbsp;<em>św. Brata Alberta</em></a></strong></p>



<p><strong>ul. św. Brata Alberta 6, 37-700 PRZEMYŚL</strong><br><strong><em>tel. 016 670 21 08</em></strong></p>



<hr class="wp-block-separator"/>



<p><strong><a href="http://www.trojcaprzemysl.pl/" target="_blank" rel="noreferrer noopener">Przemyśl,&nbsp;<em>Trójcy Przenajświętszej</em></a></strong></p>



<p><strong>Plac Konstytucji 8, 37-700 PRZEMYŚL</strong><br><strong><em>tel. 016 670 43 51</em></strong></p>



<hr class="wp-block-separator"/>



<p><strong><a href="http://www.pelczar.przemyska.pl/" target="_blank" rel="noreferrer noopener">Przemyśl,&nbsp;<em>św. Józefa Sebastiana Pelczara</em></a></strong></p>



<p><strong>ul. B. Chrobrego 64, 37-700 PRZEMYŚL</strong><br><strong><em>tel. 016 670 15 22</em></strong></p>



<hr class="wp-block-separator"/>



<p><strong><a href="http://www.kazanow.przemyska.pl/" target="_blank" rel="noreferrer noopener">Przemyśl Kazanów,&nbsp;<em>św. Benedykta; Cyryla i Metodego</em></a></strong></p>



<p><strong>ul. Opalińskiego 7, 37-700 PRZEMYŚL</strong><br><strong><em>tel. 016 670 73 12</em></strong></p>



<hr class="wp-block-separator"/>



<p><strong><a href="http://www.parafia-mbkp-przemysl.org/" target="_blank" rel="noreferrer noopener">Przemyśl Kmiecie,&nbsp;<em>NMP Królowej Polski</em></a></strong></p>



<p><strong>ul. Grunwaldzka 68 a, 37-700 PRZEMYŚL</strong><br><strong><em>tel. 016 670 66 68</em></strong></p>



<hr class="wp-block-separator"/>



<p><strong><a href="http://www.lipowica-przemysl.pl/" target="_blank" rel="noreferrer noopener">Przemyśl Lipowica,&nbsp;<em>św. Stanisława Biskupa</em></a></strong></p>



<p><strong>ul. Z. Chrzanowskiej 11, 37-700 PRZEMYŚL</strong><br><strong><em>tel. 016 670 17 10</em></strong></p>



<hr class="wp-block-separator"/>



<p><strong><a href="http://www.milosierdzie-przemysl.webd.pl/">Przemyśl Rycerskie,&nbsp;<em>Miłosierdzia Bożego</em></a></strong></p>



<p><strong>ul. ks. P. Skargi 16, 37-700 PRZEMYŚL</strong><br><strong><em>tel. 016 670 06 67</em></strong></p>



<hr class="wp-block-separator"/>



<p><strong><a href="http://www.sdb-przemysl.pl/parafia/" target="_blank" rel="noreferrer noopener">Przemyśl Salezjanie,&nbsp;<em>św. Józefa</em></a></strong></p>



<p><strong>ul. św. Jana 3, 37-700 PRZEMYŚL</strong><br><strong><em>tel. 016 670 25 25</em></strong></p>

<p>Dekanat: PRZEMYŚL II Archiprezbiterat Przemyski Kapłani odpowiedzialni za dekanat PRZEMYŚL II: &nbsp; &nbsp;Dziekan &nbsp; &nbsp;ks. Marian&nbsp;KOŹMA &nbsp; &nbsp;tel. 16 670 66 68 &nbsp; &nbsp;Wicedziekan &nbsp; &nbsp;ks. Jan&nbsp;MAZUREK &nbsp; &nbsp;tel. 16 679 03 34 &nbsp; &nbsp;Ojciec duchowny &nbsp; &nbsp;ks. Tadeusz&nbsp;BAJ &nbsp; &nbsp;tel. 16&nbsp;677 94 20 Duszpasterze dekanalni: &nbsp; &nbsp;Rodzin &nbsp; &nbsp;ks. Aleksander&nbsp;BURDZY &nbsp; &nbsp;Przemyśl &#8211; Kazanów &hellip; </p>
<p class="link-more"><a href="https://albert.przemyska.pl/?page_id=129" class="more-link">Czytaj dalej<span class="screen-reader-text"> „Nasz Dekanat &#8211; Przemyśl II”</span></a></p>
