{"id":206,"date":"2019-03-21T13:09:51","date_gmt":"2019-03-21T12:09:51","guid":{"rendered":"https:\/\/albert.przemyska.pl\/?page_id=206"},"modified":"2024-10-09T16:09:22","modified_gmt":"2024-10-09T14:09:22","slug":"plan-nabozenstw-w-naszej-parafii","status":"publish","type":"page","link":"https:\/\/albert.przemyska.pl\/?page_id=206","title":{"rendered":"Plan Nabo\u017ce\u0144stw w naszej parafii"},"content":{"rendered":"\r\n<h1 class=\"wp-block-heading\"><strong>NABO\u017bE\u0143STWA<br \/><\/strong><strong>w naszej parafii:<\/strong><\/h1>\r\n\r\n\r\n\r\n<h2 class=\"wp-block-heading\"><strong><em>\u2022 Spowied\u017a \u015awi\u0119ta:<\/em><\/strong><\/h2>\r\n\r\n\r\n\r\n<p><strong>&#8211; codziennie na 30 minut przed\u00a0<br \/>&#8211; w pierwsze pi\u0105tki miesi\u0105ca od godziny 17:00<br \/><\/strong><\/p>\r\n\r\n\r\n<hr class=\"wp-block-separator\" \/>\r\n\r\n\r\n<h2 class=\"wp-block-heading\"><strong><em>\u2022 Nowenna do Matki Bo\u017cej Nieustaj\u0105cej Pomocy:<\/em><\/strong><\/h2>\r\n\r\n\r\n\r\n<p><strong>&#8211; we wszystkie \u015brody roku przed Msz\u0105 \u015awi\u0119t\u0105 o godzinie 18:00<br \/><\/strong><\/p>\r\n\r\n\r\n<hr class=\"wp-block-separator\" \/>\r\n\r\n\r\n<h2 class=\"wp-block-heading\"><strong><em>\u2022 Nowenna do \u015bw. Brata Alberta:<\/em><\/strong><\/h2>\r\n\r\n\r\n\r\n<p><strong>&#8211; we wszystkie czwartki po Mszy \u015awi\u0119tej o godzinie 18:00<br \/><\/strong><\/p>\r\n\r\n\r\n<hr class=\"wp-block-separator\" \/>\r\n\r\n\r\n<h2 class=\"wp-block-heading\"><strong><em>\u2022 Zmiana Tajemnic Ro\u017ca\u0144cowych:<\/em><\/strong><\/h2>\r\n\r\n\r\n\r\n<p><strong>&#8211; w pierwsze niedziele miesi\u0105ca godzinie 17:30 w ci\u0105gu ca\u0142ego roku<br \/><\/strong><\/p>\r\n\r\n\r\n<hr class=\"wp-block-separator\" \/>\r\n\r\n\r\n<h2 class=\"wp-block-heading\"><strong><em>\u2022 Nabo\u017ce\u0144stwa Pierwszoczwartkowe:<\/em><\/strong><\/h2>\r\n\r\n\r\n\r\n<p><strong>&#8211; w pierwsze czwartki miesi\u0105ca nabo\u017ce\u0144stwa po\u0142\u0105czone z wystawieniem Naj\u015bwi\u0119tszego Sakramentu wraz z odm\u00f3wieniem litanii do Naj\u015bwi\u0119tszej Krwi Chrystusa po Mszy \u015awi\u0119tej o godzinie 18:00 (w maju i pa\u017adzierniku o godzinie 17:30)<br \/><\/strong><\/p>\r\n\r\n\r\n<hr class=\"wp-block-separator\" \/>\r\n\r\n\r\n<h2 class=\"wp-block-heading\"><strong><em>\u2022 Nabo\u017ce\u0144stwa Pierwszopi\u0105tkowe:<\/em><\/strong><\/h2>\r\n\r\n\r\n\r\n<p><strong>&#8211; w pierwsze pi\u0105tki miesi\u0105ca z wystawieniem Naj\u015bwi\u0119tszego Sakramentu wraz z\u00a0 odm\u00f3wieniem litanii do Naj\u015bwi\u0119tszego Serca Jezusowego po Mszy \u015awi\u0119tej o godzinie 18:00 (w maju i pa\u017adzierniku o godzinie 17:30)<br \/><\/strong><\/p>\r\n\r\n\r\n<hr class=\"wp-block-separator\" \/>\r\n\r\n\r\n<h2 class=\"wp-block-heading\"><strong><em>\u2022 Nabo\u017ce\u0144stwa Gorzkich \u017bali:<\/em><\/strong><\/h2>\r\n\r\n\r\n\r\n<p><strong>&#8211; we wszystkie niedziele Wielkiego Postu o godzinie 17:15<br \/><\/strong><\/p>\r\n\r\n\r\n<hr class=\"wp-block-separator\" \/>\r\n\r\n\r\n<h2 class=\"wp-block-heading\"><strong><em>\u2022 Nabo\u017ce\u0144stwa Drogi Krzy\u017cowej:<\/em><\/strong><\/h2>\r\n\r\n\r\n\r\n<p><strong>&#8211; we wszystkie pi\u0105tki Wielkiego Postu o godzinie:<br \/><\/strong><strong>16:30 &#8211; dla dzieci,<br \/>17:30 &#8211; og\u00f3lna \/ parafialna,<br \/>19:00 &#8211; dla m\u0142odzie\u017cy<\/strong><\/p>\r\n\r\n\r\n<hr class=\"wp-block-separator\" \/>\r\n\r\n\r\n<h2 class=\"wp-block-heading\"><strong><em>\u2022 Nabo\u017ce\u0144stwa R\u00f3\u017ca\u0144cowe:<\/em><\/strong><\/h2>\r\n\r\n\r\n\r\n<p><strong>&#8211; we wszystkie dni miesi\u0105ca pa\u017adziernika o godzinie 17:30<\/strong><\/p>\r\n\r\n\r\n<hr class=\"wp-block-separator\" \/>\r\n\r\n\r\n<h2 class=\"wp-block-heading\"><strong><em>\u2022 Nabo\u017ce\u0144stwa Majowe (maj\u00f3wki):<\/em><\/strong><\/h2>\r\n\r\n\r\n\r\n<p><strong>Codziennie o 17:30<br \/><br \/><\/strong><\/p>\r\n\r\n\r\n<hr class=\"wp-block-separator\" \/>\r\n\r\n\r\n<h2 class=\"wp-block-heading\"><strong><em>\u2022 Nabo\u017ce\u0144stwa Czerwcowe :<\/em><\/strong><\/h2>\r\n\r\n\r\n\r\n<p><strong>Codziennie o 17:30<br \/><\/strong><\/p>\r\n<h2><strong><em>\u2022 Listopad &#8211; R\u00f3\u017caniec za zmar\u0142ych z wypominkami<\/em><\/strong><\/h2>\r\n<p><strong>Codziennie o 17:30<\/strong><\/p>\r\n\r\n\r\n\r\n<p>&nbsp;<\/p>\r\n","protected":false},"excerpt":{"rendered":"<p>NABO\u017bE\u0143STWAw naszej parafii: \u2022 Spowied\u017a \u015awi\u0119ta: &#8211; codziennie na 30 minut przed\u00a0&#8211; w pierwsze pi\u0105tki miesi\u0105ca od godziny 17:00 \u2022 Nowenna do Matki Bo\u017cej Nieustaj\u0105cej Pomocy: &#8211; we wszystkie \u015brody roku przed Msz\u0105 \u015awi\u0119t\u0105 o godzinie 18:00 \u2022 Nowenna do \u015bw. Brata Alberta: &#8211; we wszystkie czwartki po Mszy \u015awi\u0119tej o godzinie 18:00 \u2022 Zmiana &hellip; <\/p>\n<p class=\"link-more\"><a href=\"https:\/\/albert.przemyska.pl\/?page_id=206\" class=\"more-link\">Czytaj dalej<span class=\"screen-reader-text\"> \u201ePlan Nabo\u017ce\u0144stw w naszej parafii\u201d<\/span><\/a><\/p>\n","protected":false},"author":1,"featured_media":208,"parent":202,"menu_order":0,"comment_status":"closed","ping_status":"closed","template":"","meta":{"footnotes":""},"class_list":["post-206","page","type-page","status-publish","has-post-thumbnail","hentry"],"_links":{"self":[{"href":"https:\/\/albert.przemyska.pl\/index.php?rest_route=\/wp\/v2\/pages\/206","targetHints":{"allow":["GET"]}}],"collection":[{"href":"https:\/\/albert.przemyska.pl\/index.php?rest_route=\/wp\/v2\/pages"}],"about":[{"href":"https:\/\/albert.przemyska.pl\/index.php?rest_route=\/wp\/v2\/types\/page"}],"author":[{"embeddable":true,"href":"https:\/\/albert.przemyska.pl\/index.php?rest_route=\/wp\/v2\/users\/1"}],"replies":[{"embeddable":true,"href":"https:\/\/albert.przemyska.pl\/index.php?rest_route=%2Fwp%2Fv2%2Fcomments&post=206"}],"version-history":[{"count":3,"href":"https:\/\/albert.przemyska.pl\/index.php?rest_route=\/wp\/v2\/pages\/206\/revisions"}],"predecessor-version":[{"id":1829,"href":"https:\/\/albert.przemyska.pl\/index.php?rest_route=\/wp\/v2\/pages\/206\/revisions\/1829"}],"up":[{"embeddable":true,"href":"https:\/\/albert.przemyska.pl\/index.php?rest_route=\/wp\/v2\/pages\/202"}],"wp:featuredmedia":[{"embeddable":true,"href":"https:\/\/albert.przemyska.pl\/index.php?rest_route=\/wp\/v2\/media\/208"}],"wp:attachment":[{"href":"https:\/\/albert.przemyska.pl\/index.php?rest_route=%2Fwp%2Fv2%2Fmedia&parent=206"}],"curies":[{"name":"wp","href":"https:\/\/api.w.org\/{rel}","templated":true}]}}

Plan Nabożeństw w naszej parafii

<h1 class="wp-block-heading"><strong>NABOŻEŃSTWA<br /></strong><strong>w naszej parafii:</strong></h1>



<h2 class="wp-block-heading"><strong><em>• Spowiedź Święta:</em></strong></h2>



<p><strong>&#8211; codziennie na 30 minut przed <br />&#8211; w pierwsze piątki miesiąca od godziny 17:00<br /></strong></p>


<hr class="wp-block-separator" />


<h2 class="wp-block-heading"><strong><em>• Nowenna do Matki Bożej Nieustającej Pomocy:</em></strong></h2>



<p><strong>&#8211; we wszystkie środy roku przed Mszą Świętą o godzinie 18:00<br /></strong></p>


<hr class="wp-block-separator" />


<h2 class="wp-block-heading"><strong><em>• Nowenna do św. Brata Alberta:</em></strong></h2>



<p><strong>&#8211; we wszystkie czwartki po Mszy Świętej o godzinie 18:00<br /></strong></p>


<hr class="wp-block-separator" />


<h2 class="wp-block-heading"><strong><em>• Zmiana Tajemnic Rożańcowych:</em></strong></h2>



<p><strong>&#8211; w pierwsze niedziele miesiąca godzinie 17:30 w ciągu całego roku<br /></strong></p>


<hr class="wp-block-separator" />


<h2 class="wp-block-heading"><strong><em>• Nabożeństwa Pierwszoczwartkowe:</em></strong></h2>



<p><strong>&#8211; w pierwsze czwartki miesiąca nabożeństwa połączone z wystawieniem Najświętszego Sakramentu wraz z odmówieniem litanii do Najświętszej Krwi Chrystusa po Mszy Świętej o godzinie 18:00 (w maju i październiku o godzinie 17:30)<br /></strong></p>


<hr class="wp-block-separator" />


<h2 class="wp-block-heading"><strong><em>• Nabożeństwa Pierwszopiątkowe:</em></strong></h2>



<p><strong>&#8211; w pierwsze piątki miesiąca z wystawieniem Najświętszego Sakramentu wraz z  odmówieniem litanii do Najświętszego Serca Jezusowego po Mszy Świętej o godzinie 18:00 (w maju i październiku o godzinie 17:30)<br /></strong></p>


<hr class="wp-block-separator" />


<h2 class="wp-block-heading"><strong><em>• Nabożeństwa Gorzkich Żali:</em></strong></h2>



<p><strong>&#8211; we wszystkie niedziele Wielkiego Postu o godzinie 17:15<br /></strong></p>


<hr class="wp-block-separator" />


<h2 class="wp-block-heading"><strong><em>• Nabożeństwa Drogi Krzyżowej:</em></strong></h2>



<p><strong>&#8211; we wszystkie piątki Wielkiego Postu o godzinie:<br /></strong><strong>16:30 &#8211; dla dzieci,<br />17:30 &#8211; ogólna / parafialna,<br />19:00 &#8211; dla młodzieży</strong></p>


<hr class="wp-block-separator" />


<h2 class="wp-block-heading"><strong><em>• Nabożeństwa Różańcowe:</em></strong></h2>



<p><strong>&#8211; we wszystkie dni miesiąca października o godzinie 17:30</strong></p>


<hr class="wp-block-separator" />


<h2 class="wp-block-heading"><strong><em>• Nabożeństwa Majowe (majówki):</em></strong></h2>



<p><strong>Codziennie o 17:30<br /><br /></strong></p>


<hr class="wp-block-separator" />


<h2 class="wp-block-heading"><strong><em>• Nabożeństwa Czerwcowe :</em></strong></h2>



<p><strong>Codziennie o 17:30<br /></strong></p>
<h2><strong><em>• Listopad &#8211; Różaniec za zmarłych z wypominkami</em></strong></h2>
<p><strong>Codziennie o 17:30</strong></p>



<p>&nbsp;</p>

<p>NABOŻEŃSTWAw naszej parafii: • Spowiedź Święta: &#8211; codziennie na 30 minut przed &#8211; w pierwsze piątki miesiąca od godziny 17:00 • Nowenna do Matki Bożej Nieustającej Pomocy: &#8211; we wszystkie środy roku przed Mszą Świętą o godzinie 18:00 • Nowenna do św. Brata Alberta: &#8211; we wszystkie czwartki po Mszy Świętej o godzinie 18:00 • Zmiana &hellip; </p>
<p class="link-more"><a href="https://albert.przemyska.pl/?page_id=206" class="more-link">Czytaj dalej<span class="screen-reader-text"> „Plan Nabożeństw w naszej parafii”</span></a></p>
