{"id":259,"date":"2019-03-22T08:59:39","date_gmt":"2019-03-22T07:59:39","guid":{"rendered":"https:\/\/albert.przemyska.pl\/?page_id=259"},"modified":"2024-09-01T14:56:00","modified_gmt":"2024-09-01T12:56:00","slug":"proboszcz","status":"publish","type":"page","link":"https:\/\/albert.przemyska.pl\/?page_id=259","title":{"rendered":"PROBOSZCZ"},"content":{"rendered":"\r\n\r\n\r\n\r\n\r\n<h3 class=\"wp-block-heading\"><a href=\"https:\/\/albert.przemyska.pl\/wp-content\/uploads\/2024\/09\/xmariuszwozny.jpg\"><img loading=\"lazy\" decoding=\"async\" class=\"aligncenter size-full wp-image-1792\" src=\"https:\/\/albert.przemyska.pl\/wp-content\/uploads\/2024\/09\/xmariuszwozny.jpg\" alt=\"\" width=\"2000\" height=\"1500\" \/><\/a><\/h3>\r\n<h3><em>ks. Mariusz Wo\u017any<\/em><\/h3>\r\n\r\n\r\n\r\n<p><strong>01.09.2024 roku zosta\u0142 mianowany proboszczem naszej parafii i z gorliwo\u015bci\u0105 oraz zaanga\u017cowaniem pasterzuje naszej wsp\u00f3lnocie.<\/strong><\/p>\r\n\r\n\r\n\r\n<p><strong>W razie kontaktu :<br \/>Numer telefonu: 16 677-94-20<br \/>FAX: 16 677-94-21<br \/><br \/><\/strong><\/p>\r\n\r\n\r\n\r\n<p>&nbsp;<\/p>\r\n","protected":false},"excerpt":{"rendered":"<p>ks. Mariusz Wo\u017any 01.09.2024 roku zosta\u0142 mianowany proboszczem naszej parafii i z gorliwo\u015bci\u0105 oraz zaanga\u017cowaniem pasterzuje naszej wsp\u00f3lnocie. W razie kontaktu :Numer telefonu: 16 677-94-20FAX: 16 677-94-21 &nbsp;<\/p>\n","protected":false},"author":1,"featured_media":0,"parent":248,"menu_order":0,"comment_status":"closed","ping_status":"closed","template":"","meta":{"footnotes":""},"class_list":["post-259","page","type-page","status-publish","hentry"],"_links":{"self":[{"href":"https:\/\/albert.przemyska.pl\/index.php?rest_route=\/wp\/v2\/pages\/259","targetHints":{"allow":["GET"]}}],"collection":[{"href":"https:\/\/albert.przemyska.pl\/index.php?rest_route=\/wp\/v2\/pages"}],"about":[{"href":"https:\/\/albert.przemyska.pl\/index.php?rest_route=\/wp\/v2\/types\/page"}],"author":[{"embeddable":true,"href":"https:\/\/albert.przemyska.pl\/index.php?rest_route=\/wp\/v2\/users\/1"}],"replies":[{"embeddable":true,"href":"https:\/\/albert.przemyska.pl\/index.php?rest_route=%2Fwp%2Fv2%2Fcomments&post=259"}],"version-history":[{"count":4,"href":"https:\/\/albert.przemyska.pl\/index.php?rest_route=\/wp\/v2\/pages\/259\/revisions"}],"predecessor-version":[{"id":1793,"href":"https:\/\/albert.przemyska.pl\/index.php?rest_route=\/wp\/v2\/pages\/259\/revisions\/1793"}],"up":[{"embeddable":true,"href":"https:\/\/albert.przemyska.pl\/index.php?rest_route=\/wp\/v2\/pages\/248"}],"wp:attachment":[{"href":"https:\/\/albert.przemyska.pl\/index.php?rest_route=%2Fwp%2Fv2%2Fmedia&parent=259"}],"curies":[{"name":"wp","href":"https:\/\/api.w.org\/{rel}","templated":true}]}}

<h3 class="wp-block-heading"><a href="https://albert.przemyska.pl/wp-content/uploads/2024/09/xmariuszwozny.jpg"><img loading="lazy" decoding="async" class="aligncenter size-full wp-image-1792" src="https://albert.przemyska.pl/wp-content/uploads/2024/09/xmariuszwozny.jpg" alt="" width="2000" height="1500" /></a></h3>
<h3><em>ks. Mariusz Woźny</em></h3>



<p><strong>01.09.2024 roku został mianowany proboszczem naszej parafii i z gorliwością oraz zaangażowaniem pasterzuje naszej wspólnocie.</strong></p>



<p><strong>W razie kontaktu :<br />Numer telefonu: 16 677-94-20<br />FAX: 16 677-94-21<br /><br /></strong></p>



<p>&nbsp;</p>

<p>ks. Mariusz Woźny 01.09.2024 roku został mianowany proboszczem naszej parafii i z gorliwością oraz zaangażowaniem pasterzuje naszej wspólnocie. W razie kontaktu :Numer telefonu: 16 677-94-20FAX: 16 677-94-21 &nbsp;</p>
