{"id":268,"date":"2019-03-22T09:05:01","date_gmt":"2019-03-22T08:05:01","guid":{"rendered":"https:\/\/albert.przemyska.pl\/?page_id=268"},"modified":"2026-02-26T16:14:44","modified_gmt":"2026-02-26T15:14:44","slug":"poprzedni-kaplani","status":"publish","type":"page","link":"https:\/\/albert.przemyska.pl\/?page_id=268","title":{"rendered":"POPRZEDNI KAP\u0141ANI"},"content":{"rendered":"\r\n<h3 class=\"wp-block-heading\"><strong><em>Pan za po\u015brednictwem Arcybiskupa diecezjalnego naszej archidiecezji<br \/>pos\u0142a\u0142 do naszej wsp\u00f3lnoty nast\u0119puj\u0105cych kap\u0142an\u00f3w:<\/em><\/strong><\/h3>\r\n\r\n\r\n\r\n<h3 class=\"wp-block-heading\"><br \/><em><strong>Proboszczowie:<\/strong><\/em><\/h3>\r\n\r\n\r\n\r\n<p><em>&#8211;\u00a0<\/em><strong><em>ks. Stanis\u0142aw Marek (1984 &#8211; 1987)<\/em><\/strong><\/p>\r\n\r\n\r\n\r\n<p>&#8211;\u00a0<strong><em>ks. Jan Nigborowicz (1987 &#8211; 1998)<\/em><\/strong><\/p>\r\n\r\n\r\n\r\n<p>&#8211;\u00a0<strong><em>ks. pra\u0142. Tadeusz Gramatyka (1998 &#8211; 2012)<\/em><\/strong><\/p>\r\n\r\n\r\n\r\n<p>&#8211;\u00a0<strong><em>ks. Tadeusz Baj (2012 &#8211; 2024)<\/em><\/strong><\/p>\r\n\r\n\r\n<hr class=\"wp-block-separator\" \/>\r\n\r\n\r\n<h3 class=\"wp-block-heading\"><em>Wikariusze:<\/em><\/h3>\r\n\r\n\r\n\r\n<p>&#8211;\u00a0<strong><em>ks. Stanis\u0142aw Sroka (1985 &#8211; 1988)<\/em><\/strong><\/p>\r\n\r\n\r\n\r\n<p>&#8211;\u00a0<strong><em>ks. Piotr Kreis (1988 &#8211; 1990)<\/em><\/strong><\/p>\r\n\r\n\r\n\r\n<p>&#8211;\u00a0<strong><em>ks. Leszek Dopart (1990 &#8211; 1995)<\/em><\/strong><\/p>\r\n\r\n\r\n\r\n<p>&#8211;\u00a0<strong><em>ks. Janusz Rzepa (1995 &#8211; 1999)<\/em><\/strong><\/p>\r\n\r\n\r\n\r\n<p>&#8211;\u00a0<strong><em>ks. Dariusz Pruchnicki (1999 &#8211; 2002)<\/em><\/strong><\/p>\r\n\r\n\r\n\r\n<p>&#8211;\u00a0<strong><em>ks. Jerzy Bartoszek (2002 &#8211; 2010)<\/em><\/strong><\/p>\r\n\r\n\r\n\r\n<p>&#8211;\u00a0<strong><em>ks. dr Jan D\u0105bal (2002 &#8211; 2003)<\/em><\/strong><\/p>\r\n\r\n\r\n\r\n<p>&#8211;\u00a0<strong><em>ks. Krzysztof Pietrasz (2003 &#8211; 2007)<\/em><\/strong><\/p>\r\n\r\n\r\n\r\n<p>&#8211;\u00a0<strong><em>ks. Dariusz Szylar (2007 &#8211; 2008)<\/em><\/strong><\/p>\r\n\r\n\r\n\r\n<p>&#8211;\u00a0<strong><em>ks. Adam Liwacz (2008 &#8211; 2010)<\/em><\/strong><\/p>\r\n\r\n\r\n\r\n<p>&#8211;\u00a0<strong><em>ks.<\/em><\/strong><em><strong>\u00a0Jan \u0141amasz<\/strong><\/em><strong><em>\u00a0(2010 &#8211; 2019)<\/em><\/strong><\/p>\r\n\r\n\r\n\r\n<p>&#8211;\u00a0<strong><em>ks.<\/em><\/strong><em><strong>\u00a0W\u0142odzimierz Nowak<\/strong><\/em><strong><em>(2010 &#8211; 2011)<\/em><\/strong><\/p>\r\n\r\n\r\n\r\n<p>&#8211;\u00a0<strong><em>ks. dr Arkadiusz Jasiewicz (2011 &#8211; 2012)<\/em><\/strong><\/p>\r\n\r\n\r\n\r\n<p>&#8211;\u00a0<strong><em>ks. dr Witold Burda (2012 &#8211; 2013)<\/em><\/strong><\/p>\r\n\r\n\r\n\r\n<p>&#8211;\u00a0<strong><em>ks. Marcin Hunia (2013 &#8211; 2017)<\/em><\/strong><\/p>\r\n\r\n\r\n\r\n<p>&#8211;\u00a0<strong><em>ks. Patryk Szyma\u0144ski (2017 &#8211; 2018)<\/em><\/strong><\/p>\r\n\r\n\r\n\r\n<p>&#8211;\u00a0<strong><em>ks. S\u0142awomir Jakubowski (2018 &#8211; 2020)<\/em><\/strong><\/p>\r\n<p><em><strong>-ks. Bart\u0142omiej\u00a0 Ch\u0142ap (2019-2020)<\/strong><\/em><\/p>\r\n<p><em><strong>-ks. Piotr Lasota (2020-2023)<\/strong><\/em><\/p>\r\n<p><em><strong>-ks. Grzegorz Urban (2022-2024)<\/strong><\/em><\/p>\r\n<p><em><strong>-ks. Damian Toczek (2023-2025)<\/strong><\/em><\/p>\r\n<p><em><strong>-ks . Bartosz Gajerski (2019-2022)(2024-obecnie )<\/strong><\/em><\/p>\r\n\r\n\r\n<hr class=\"wp-block-separator\" \/>\r\n\r\n\r\n<h3 class=\"wp-block-heading\"><em><strong>Rezydenci:<\/strong><\/em><\/h3>\r\n\r\n\r\n\r\n<p><strong>&#8211;\u00a0<em>ks. kan. Stanis\u0142aw Fedak<\/em>, kapelan Szpitala Wojew\u00f3dzkiego\u00a0<\/strong><em><strong>(do 2002r.)<\/strong><\/em><\/p>\r\n\r\n\r\n","protected":false},"excerpt":{"rendered":"<p>Pan za po\u015brednictwem Arcybiskupa diecezjalnego naszej archidiecezjipos\u0142a\u0142 do naszej wsp\u00f3lnoty nast\u0119puj\u0105cych kap\u0142an\u00f3w: Proboszczowie: &#8211;\u00a0ks. Stanis\u0142aw Marek (1984 &#8211; 1987) &#8211;\u00a0ks. Jan Nigborowicz (1987 &#8211; 1998) &#8211;\u00a0ks. pra\u0142. Tadeusz Gramatyka (1998 &#8211; 2012) &#8211;\u00a0ks. Tadeusz Baj (2012 &#8211; 2024) Wikariusze: &#8211;\u00a0ks. Stanis\u0142aw Sroka (1985 &#8211; 1988) &#8211;\u00a0ks. Piotr Kreis (1988 &#8211; 1990) &#8211;\u00a0ks. Leszek Dopart (1990 &hellip; <\/p>\n<p class=\"link-more\"><a href=\"https:\/\/albert.przemyska.pl\/?page_id=268\" class=\"more-link\">Czytaj dalej<span class=\"screen-reader-text\"> \u201ePOPRZEDNI KAP\u0141ANI\u201d<\/span><\/a><\/p>\n","protected":false},"author":1,"featured_media":0,"parent":248,"menu_order":0,"comment_status":"closed","ping_status":"closed","template":"","meta":{"footnotes":""},"class_list":["post-268","page","type-page","status-publish","hentry"],"_links":{"self":[{"href":"https:\/\/albert.przemyska.pl\/index.php?rest_route=\/wp\/v2\/pages\/268","targetHints":{"allow":["GET"]}}],"collection":[{"href":"https:\/\/albert.przemyska.pl\/index.php?rest_route=\/wp\/v2\/pages"}],"about":[{"href":"https:\/\/albert.przemyska.pl\/index.php?rest_route=\/wp\/v2\/types\/page"}],"author":[{"embeddable":true,"href":"https:\/\/albert.przemyska.pl\/index.php?rest_route=\/wp\/v2\/users\/1"}],"replies":[{"embeddable":true,"href":"https:\/\/albert.przemyska.pl\/index.php?rest_route=%2Fwp%2Fv2%2Fcomments&post=268"}],"version-history":[{"count":11,"href":"https:\/\/albert.przemyska.pl\/index.php?rest_route=\/wp\/v2\/pages\/268\/revisions"}],"predecessor-version":[{"id":2370,"href":"https:\/\/albert.przemyska.pl\/index.php?rest_route=\/wp\/v2\/pages\/268\/revisions\/2370"}],"up":[{"embeddable":true,"href":"https:\/\/albert.przemyska.pl\/index.php?rest_route=\/wp\/v2\/pages\/248"}],"wp:attachment":[{"href":"https:\/\/albert.przemyska.pl\/index.php?rest_route=%2Fwp%2Fv2%2Fmedia&parent=268"}],"curies":[{"name":"wp","href":"https:\/\/api.w.org\/{rel}","templated":true}]}}

POPRZEDNI KAPŁANI

<h3 class="wp-block-heading"><strong><em>Pan za pośrednictwem Arcybiskupa diecezjalnego naszej archidiecezji<br />posłał do naszej wspólnoty następujących kapłanów:</em></strong></h3>



<h3 class="wp-block-heading"><br /><em><strong>Proboszczowie:</strong></em></h3>



<p><em>&#8211; </em><strong><em>ks. Stanisław Marek (1984 &#8211; 1987)</em></strong></p>



<p>&#8211; <strong><em>ks. Jan Nigborowicz (1987 &#8211; 1998)</em></strong></p>



<p>&#8211; <strong><em>ks. prał. Tadeusz Gramatyka (1998 &#8211; 2012)</em></strong></p>



<p>&#8211; <strong><em>ks. Tadeusz Baj (2012 &#8211; 2024)</em></strong></p>


<hr class="wp-block-separator" />


<h3 class="wp-block-heading"><em>Wikariusze:</em></h3>



<p>&#8211; <strong><em>ks. Stanisław Sroka (1985 &#8211; 1988)</em></strong></p>



<p>&#8211; <strong><em>ks. Piotr Kreis (1988 &#8211; 1990)</em></strong></p>



<p>&#8211; <strong><em>ks. Leszek Dopart (1990 &#8211; 1995)</em></strong></p>



<p>&#8211; <strong><em>ks. Janusz Rzepa (1995 &#8211; 1999)</em></strong></p>



<p>&#8211; <strong><em>ks. Dariusz Pruchnicki (1999 &#8211; 2002)</em></strong></p>



<p>&#8211; <strong><em>ks. Jerzy Bartoszek (2002 &#8211; 2010)</em></strong></p>



<p>&#8211; <strong><em>ks. dr Jan Dąbal (2002 &#8211; 2003)</em></strong></p>



<p>&#8211; <strong><em>ks. Krzysztof Pietrasz (2003 &#8211; 2007)</em></strong></p>



<p>&#8211; <strong><em>ks. Dariusz Szylar (2007 &#8211; 2008)</em></strong></p>



<p>&#8211; <strong><em>ks. Adam Liwacz (2008 &#8211; 2010)</em></strong></p>



<p>&#8211; <strong><em>ks.</em></strong><em><strong> Jan Łamasz</strong></em><strong><em> (2010 &#8211; 2019)</em></strong></p>



<p>&#8211; <strong><em>ks.</em></strong><em><strong> Włodzimierz Nowak</strong></em><strong><em>(2010 &#8211; 2011)</em></strong></p>



<p>&#8211; <strong><em>ks. dr Arkadiusz Jasiewicz (2011 &#8211; 2012)</em></strong></p>



<p>&#8211; <strong><em>ks. dr Witold Burda (2012 &#8211; 2013)</em></strong></p>



<p>&#8211; <strong><em>ks. Marcin Hunia (2013 &#8211; 2017)</em></strong></p>



<p>&#8211; <strong><em>ks. Patryk Szymański (2017 &#8211; 2018)</em></strong></p>



<p>&#8211; <strong><em>ks. Sławomir Jakubowski (2018 &#8211; 2020)</em></strong></p>
<p><em><strong>-ks. Bartłomiej  Chłap (2019-2020)</strong></em></p>
<p><em><strong>-ks. Piotr Lasota (2020-2023)</strong></em></p>
<p><em><strong>-ks. Grzegorz Urban (2022-2024)</strong></em></p>
<p><em><strong>-ks. Damian Toczek (2023-2025)</strong></em></p>
<p><em><strong>-ks . Bartosz Gajerski (2019-2022)(2024-obecnie )</strong></em></p>


<hr class="wp-block-separator" />


<h3 class="wp-block-heading"><em><strong>Rezydenci:</strong></em></h3>



<p><strong>&#8211; <em>ks. kan. Stanisław Fedak</em>, kapelan Szpitala Wojewódzkiego </strong><em><strong>(do 2002r.)</strong></em></p>

<p>Pan za pośrednictwem Arcybiskupa diecezjalnego naszej archidiecezjiposłał do naszej wspólnoty następujących kapłanów: Proboszczowie: &#8211; ks. Stanisław Marek (1984 &#8211; 1987) &#8211; ks. Jan Nigborowicz (1987 &#8211; 1998) &#8211; ks. prał. Tadeusz Gramatyka (1998 &#8211; 2012) &#8211; ks. Tadeusz Baj (2012 &#8211; 2024) Wikariusze: &#8211; ks. Stanisław Sroka (1985 &#8211; 1988) &#8211; ks. Piotr Kreis (1988 &#8211; 1990) &#8211; ks. Leszek Dopart (1990 &hellip; </p>
<p class="link-more"><a href="https://albert.przemyska.pl/?page_id=268" class="more-link">Czytaj dalej<span class="screen-reader-text"> „POPRZEDNI KAPŁANI”</span></a></p>
