{"id":280,"date":"2019-03-22T09:10:20","date_gmt":"2019-03-22T08:10:20","guid":{"rendered":"https:\/\/albert.przemyska.pl\/?page_id=280"},"modified":"2019-03-22T11:30:53","modified_gmt":"2019-03-22T10:30:53","slug":"wspolnoty","status":"publish","type":"page","link":"https:\/\/albert.przemyska.pl\/?page_id=280","title":{"rendered":"WSP\u00d3LNOTY"},"content":{"rendered":"\n<p>W naszej parafii dzia\u0142a wiele wsp\u00f3lnot i stowarzysze\u0144, do kt\u00f3rych nale\u017c\u0105 doro\u015bli, dzieci jak i m\u0142odzie\u017c. Pomimo r\u00f3\u017cnych dr\u00f3g formacji i zada\u0144, przed jakimi stoj\u0105, ich zasadniczym celem jest mi\u0119dzy innymi formowanie dojrza\u0142ych chrze\u015bcijan b\u0105d\u017a ubogacanie liturgii.<\/p>\n\n\n\n<p>Przy naszej parafii dzia\u0142aj\u0105 nast\u0119puj\u0105ce wsp\u00f3lnoty (wystarczy klikn\u0105\u0107 w wybran\u0105 wsp\u00f3lnot\u0119, aby dowiedzie\u0107 si\u0119 wi\u0119cej):<\/p>\n\n\n\n<ul class=\"wp-block-list\"><li>Rada Duszpasterska<\/li><li>Liturgiczna S\u0142u\u017cba O\u0142tarza<\/li><li>Rycerstwo Niepokalanej<\/li><li>Ruch \u015awiat\u0142o-\u017bycie<\/li><li>Dzie\u0142o Pomocy Powo\u0142aniom im. ks. Jana Balickiego<\/li><li>Matki w modlitwie<\/li><li>R\u00f3\u017ce R\u00f3\u017ca\u0144cowe<\/li><li>Domowy Ko\u015bci\u00f3\u0142<\/li><li>Akcja Katolicka<\/li><li>Diakonia Modlitwy<\/li><\/ul>\n","protected":false},"excerpt":{"rendered":"<p>W naszej parafii dzia\u0142a wiele wsp\u00f3lnot i stowarzysze\u0144, do kt\u00f3rych nale\u017c\u0105 doro\u015bli, dzieci jak i m\u0142odzie\u017c. Pomimo r\u00f3\u017cnych dr\u00f3g formacji i zada\u0144, przed jakimi stoj\u0105, ich zasadniczym celem jest mi\u0119dzy innymi formowanie dojrza\u0142ych chrze\u015bcijan b\u0105d\u017a ubogacanie liturgii. Przy naszej parafii dzia\u0142aj\u0105 nast\u0119puj\u0105ce wsp\u00f3lnoty (wystarczy klikn\u0105\u0107 w wybran\u0105 wsp\u00f3lnot\u0119, aby dowiedzie\u0107 si\u0119 wi\u0119cej): Rada Duszpasterska Liturgiczna &hellip; <\/p>\n<p class=\"link-more\"><a href=\"https:\/\/albert.przemyska.pl\/?page_id=280\" class=\"more-link\">Czytaj dalej<span class=\"screen-reader-text\"> \u201eWSP\u00d3LNOTY\u201d<\/span><\/a><\/p>\n","protected":false},"author":1,"featured_media":282,"parent":0,"menu_order":0,"comment_status":"closed","ping_status":"closed","template":"","meta":{"footnotes":""},"class_list":["post-280","page","type-page","status-publish","has-post-thumbnail","hentry"],"_links":{"self":[{"href":"https:\/\/albert.przemyska.pl\/index.php?rest_route=\/wp\/v2\/pages\/280","targetHints":{"allow":["GET"]}}],"collection":[{"href":"https:\/\/albert.przemyska.pl\/index.php?rest_route=\/wp\/v2\/pages"}],"about":[{"href":"https:\/\/albert.przemyska.pl\/index.php?rest_route=\/wp\/v2\/types\/page"}],"author":[{"embeddable":true,"href":"https:\/\/albert.przemyska.pl\/index.php?rest_route=\/wp\/v2\/users\/1"}],"replies":[{"embeddable":true,"href":"https:\/\/albert.przemyska.pl\/index.php?rest_route=%2Fwp%2Fv2%2Fcomments&post=280"}],"version-history":[{"count":2,"href":"https:\/\/albert.przemyska.pl\/index.php?rest_route=\/wp\/v2\/pages\/280\/revisions"}],"predecessor-version":[{"id":335,"href":"https:\/\/albert.przemyska.pl\/index.php?rest_route=\/wp\/v2\/pages\/280\/revisions\/335"}],"wp:featuredmedia":[{"embeddable":true,"href":"https:\/\/albert.przemyska.pl\/index.php?rest_route=\/wp\/v2\/media\/282"}],"wp:attachment":[{"href":"https:\/\/albert.przemyska.pl\/index.php?rest_route=%2Fwp%2Fv2%2Fmedia&parent=280"}],"curies":[{"name":"wp","href":"https:\/\/api.w.org\/{rel}","templated":true}]}}