{"id":350,"date":"2019-03-22T11:42:59","date_gmt":"2019-03-22T10:42:59","guid":{"rendered":"https:\/\/albert.przemyska.pl\/?page_id=350"},"modified":"2019-03-22T11:42:59","modified_gmt":"2019-03-22T10:42:59","slug":"okresy-liturgiczne","status":"publish","type":"page","link":"https:\/\/albert.przemyska.pl\/?page_id=350","title":{"rendered":"Okresy liturgiczne"},"content":{"rendered":"\n<div class=\"wp-block-image\"><figure class=\"aligncenter\"><img loading=\"lazy\" decoding=\"async\" width=\"400\" height=\"330\" src=\"https:\/\/albert.przemyska.pl\/wp-content\/uploads\/2019\/03\/rok_liturgiczny.jpg\" alt=\"\" class=\"wp-image-352\" srcset=\"https:\/\/albert.przemyska.pl\/wp-content\/uploads\/2019\/03\/rok_liturgiczny.jpg 400w, https:\/\/albert.przemyska.pl\/wp-content\/uploads\/2019\/03\/rok_liturgiczny-300x248.jpg 300w\" sizes=\"auto, (max-width: 400px) 100vw, 400px\" \/><\/figure><\/div>\n\n\n\n<p style=\"color:#7e15f6\" class=\"has-text-color\"><strong>Adwent&nbsp;\u2013 rozpoczyna si\u0119 pierwszymi nieszporami I Niedzieli Adwentu i trwa do Wigilii Bo\u017cego Narodzenia. Pierwsza cz\u0119\u015b\u0107 Adwentu (do 16-go grudnia) m\u00f3wi wi\u0119cej o drugim przyj\u015bciu Chrystusa, do kt\u00f3rego przygotowuje si\u0119 ca\u0142a ludzko\u015b\u0107, natomiast druga cz\u0119\u015b\u0107 (17 grudnia) jest bezpo\u015brednim przygotowaniem na liturgiczne prze\u017cycie tajemnicy Bo\u017cego Narodzenia. Te dwie cz\u0119\u015bci Adwentu znajduj\u0105 swoje odzwierciedlenie w ksi\u0119gach liturgicznych (nowy msza\u0142, Liturgia godzin, lekcjonarz).<\/strong><\/p>\n\n\n\n<p style=\"color:#7e15f6\" class=\"has-text-color\"><strong>W tym czasie stosujemy fioletowy kolor szat liturgicznych (wyj\u0105tek msza wotywna o NMP \u2013 kolor bia\u0142y). Do praktyk religijnych stosowanych w Adwencie nale\u017cy odprawianie Mszy wotywnych o NMP \u2013 zwanych roratami.<\/strong><\/p>\n\n\n\n<p><strong>Bo\u017ce Narodzenie&nbsp;\u2013 rozpoczyna si\u0119 pierwszymi nieszporami Narodzenia Pa\u0144skiego i trwa do niedzieli Chrztu Pana Jezusa. W okresie tym u\u017cywany jest w liturgii kolor bia\u0142y. Bia\u0142y jest znakiem rado\u015bci, dziewictwa i \u015bwi\u0119to\u015bci.<br><\/strong><\/p>\n\n\n\n<p class=\"has-text-color has-vivid-red-color\"><strong>Wielki Post&nbsp;\u2013 czas pokuty, nawr\u00f3cenia, i przygotowania na prze\u017cycie M\u0119ki, \u015amierci i Zmartwychwstania Pana Jezusa. Rozpoczyna si\u0119 w \u015arod\u0119 Popielcow\u0105 i trwa do Mszy Wieczerzy Pa\u0144skiej w Wielki Czwartek.<\/strong><\/p>\n\n\n\n<p style=\"color:#7e15f6\" class=\"has-text-color\"><strong>W Wielkim Po\u015bcie u\u017cywamy szat liturgicznych koloru fioletowego. Wyj\u0105tek stanowi\u0105: 19 marca (\u015bwi\u0119to \u015bw. J\u00f3zefa)&nbsp; i 25 marca (\u015bwi\u0119to Zwiastowania Pa\u0144skiego) \u2013 u\u017cywa si\u0119 bia\u0142y kolor, IV Niedziela Wielkiego Postu (Laetare) u\u017cywa si\u0119 koloru r\u00f3\u017cowego, niedziela&nbsp;M\u0119ki Pa\u0144skiej&nbsp;\u2013 u\u017cywa si\u0119 czerwony kolor. Do praktyk pokutnych Wielkiego Postu nale\u017c\u0105 Droga Krzy\u017cowa i Gorzkie \u017bale.<br><\/strong><\/p>\n\n\n\n<p><strong>Triduum&nbsp;Paschalne&nbsp;\u2013 najwa\u017cniejsze wydarzenie ca\u0142ego roku liturgicznego. Prze\u017cycie tajemnicy M\u0119ki, \u015amierci i Zmartwychwstania Pana Jezusa.<\/strong><\/p>\n\n\n\n<p><strong>To najwi\u0119ksze misterium ludzkiego odkupienia trwa od mszy Wieczerzy Pa\u0144skiej w Wielki Czwartek do II Nieszpor\u00f3w Niedzieli Zmartwychwstania Pa\u0144skiego. Ko\u015bci\u00f3\u0142 celebruje je przez znaki liturgiczne i sakramentalne, \u015bci\u015ble jednocz\u0105c si\u0119 z Chrystusem. Trzeba zaznaczy\u0107, \u017ce Triduum Paschalne, cho\u0107 trwa przez trzy dni, jest jedn\u0105 nieprzerwan\u0105 uroczysto\u015bci\u0105. S\u0105 to trzy dni Chrystusa ukrzy\u017cowanego, pogrzebanego i zmartwychwsta\u0142ego, trzy etapy jednego zbawczego wydarzenia.<\/strong><\/p>\n\n\n\n<p><strong>Wielkanoc&nbsp;\u2013 okres rado\u015bci paschalnej i rozwa\u017cania tajemnicy Zmartwychwstania Pa\u0144skiego. Rozpoczyna si\u0119 Niedziel\u0105 Zmartwychwstania i trwa do Niedzieli Zes\u0142ania Ducha \u015bw. Pierwsz\u0105 jego cz\u0119\u015b\u0107 stanowi okres od Zmartwychwstania do Wniebowst\u0105pienia Pana Jezusa, natomiast druga cz\u0119\u015b\u0107 to prze\u017cycie tajemnicy Zes\u0142ania Ducha \u015bwi\u0119tego dziesi\u0119ciodniowym czuwaniem wraz z Maryj\u0105 i Aposto\u0142ami w Wieczerniku. Kolor szat liturgicznych jest bia\u0142y.<\/strong><\/p>\n\n\n\n<p class=\"has-text-color has-vivid-green-cyan-color\"><strong>Okres Zwyk\u0142y&nbsp;\u2013 jest czasem rozwa\u017cania trzyletniego nauczania Chrystusa, poznajemy Jego nauk\u0119, Jego dzie\u0142a w nauczaniu Ko\u015bcio\u0142a. Okres ten trwa od poniedzia\u0142ku po Niedzieli Chrztu Pa\u0144skiego do wtorku przed \u015arod\u0105 Popielcow\u0105, oraz od poniedzia\u0142ku po niedzieli Zes\u0142ania Ducha \u015awi\u0119tego do soboty, przed pierwsz\u0105 Niedziel\u0105 Adwentu. Dominuj\u0105cym kolorem szat liturgicznych jest zielony.<\/strong><\/p>\n","protected":false},"excerpt":{"rendered":"<p>Adwent&nbsp;\u2013 rozpoczyna si\u0119 pierwszymi nieszporami I Niedzieli Adwentu i trwa do Wigilii Bo\u017cego Narodzenia. Pierwsza cz\u0119\u015b\u0107 Adwentu (do 16-go grudnia) m\u00f3wi wi\u0119cej o drugim przyj\u015bciu Chrystusa, do kt\u00f3rego przygotowuje si\u0119 ca\u0142a ludzko\u015b\u0107, natomiast druga cz\u0119\u015b\u0107 (17 grudnia) jest bezpo\u015brednim przygotowaniem na liturgiczne prze\u017cycie tajemnicy Bo\u017cego Narodzenia. Te dwie cz\u0119\u015bci Adwentu znajduj\u0105 swoje odzwierciedlenie w ksi\u0119gach &hellip; <\/p>\n<p class=\"link-more\"><a href=\"https:\/\/albert.przemyska.pl\/?page_id=350\" class=\"more-link\">Czytaj dalej<span class=\"screen-reader-text\"> \u201eOkresy liturgiczne\u201d<\/span><\/a><\/p>\n","protected":false},"author":1,"featured_media":0,"parent":336,"menu_order":0,"comment_status":"closed","ping_status":"closed","template":"","meta":{"footnotes":""},"class_list":["post-350","page","type-page","status-publish","hentry"],"_links":{"self":[{"href":"https:\/\/albert.przemyska.pl\/index.php?rest_route=\/wp\/v2\/pages\/350","targetHints":{"allow":["GET"]}}],"collection":[{"href":"https:\/\/albert.przemyska.pl\/index.php?rest_route=\/wp\/v2\/pages"}],"about":[{"href":"https:\/\/albert.przemyska.pl\/index.php?rest_route=\/wp\/v2\/types\/page"}],"author":[{"embeddable":true,"href":"https:\/\/albert.przemyska.pl\/index.php?rest_route=\/wp\/v2\/users\/1"}],"replies":[{"embeddable":true,"href":"https:\/\/albert.przemyska.pl\/index.php?rest_route=%2Fwp%2Fv2%2Fcomments&post=350"}],"version-history":[{"count":1,"href":"https:\/\/albert.przemyska.pl\/index.php?rest_route=\/wp\/v2\/pages\/350\/revisions"}],"predecessor-version":[{"id":353,"href":"https:\/\/albert.przemyska.pl\/index.php?rest_route=\/wp\/v2\/pages\/350\/revisions\/353"}],"up":[{"embeddable":true,"href":"https:\/\/albert.przemyska.pl\/index.php?rest_route=\/wp\/v2\/pages\/336"}],"wp:attachment":[{"href":"https:\/\/albert.przemyska.pl\/index.php?rest_route=%2Fwp%2Fv2%2Fmedia&parent=350"}],"curies":[{"name":"wp","href":"https:\/\/api.w.org\/{rel}","templated":true}]}}