{"id":357,"date":"2019-03-22T11:44:40","date_gmt":"2019-03-22T10:44:40","guid":{"rendered":"https:\/\/albert.przemyska.pl\/?page_id=357"},"modified":"2023-01-22T13:18:02","modified_gmt":"2023-01-22T12:18:02","slug":"poczet-wszystkich-papiezy-kosciola-katolickiego","status":"publish","type":"page","link":"https:\/\/albert.przemyska.pl\/?page_id=357","title":{"rendered":"Poczet wszystkich Papie\u017cy Ko\u015bcio\u0142a Katolickiego:"},"content":{"rendered":"\n<p><strong><em>267.\u00a0Franciszek\u00a013-03-2013 &#8211; OBECNIE<br>266.\u00a0Benedykt XVI\u00a019-IV-2005 &#8211; 28-02-2013 (rezygnacja) &#8211; 31.12.2022<br>265.\u00a0Jan Pawe\u0142 II, b\u0142.\u00a0 16-X-1978 &#8211; 02-IV-2005<br>264.\u00a0Jan Pawe\u0142 I\u00a026-VIII-1978 &#8211; 28-IX-1978<br>263.\u00a0Pawe\u0142 VI\u00a021-VI-1963 &#8211; 6-VIII-1978<br>262.\u00a0Jan XXIII, b\u0142. 28-X-1958 &#8211; 3-VI-1963<br>261.\u00a0Pius XII\u00a02-III-1939 &#8211; 9-X-1958<br>260.\u00a0Pius XI\u00a06-II-1922 &#8211; 10-II-1939<br>259.\u00a0Benedykt XV\u00a03-IX-1914 &#8211; 22-I-1922<br>258.\u00a0Pius X, \u015bw. 4-VIII-1903 &#8211; 20-VIII-1914<br>257.\u00a0Leon XIII\u00a020-II-1878 &#8211; 20-VII-1903<br>256.\u00a0Pius IX, b\u0142. 16-VI-1846 &#8211; 7-II-1878<br>255.\u00a0Grzegorz XVI\u00a02-II-1831 &#8211; 1-VI-1846<br>254.\u00a0Pius VIII\u00a031-III-1829 &#8211; 30-XI-1830<br>253.\u00a0Leon XII\u00a028-IX-1823 &#8211; 10-II-1829<br>252.\u00a0Pius VII\u00a014-III-1800 &#8211; 20-VII-1823<br>251.\u00a0Pius VI\u00a015-II-1775 &#8211; 29-VIII-1799<br>250.\u00a0Klemens XIV\u00a019-V-1769 &#8211; 22-IX-1774<br>249.\u00a0Klemens XIII\u00a06-VII-1758 &#8211; 2-II-1769<br>248.\u00a0Benedykt XIV\u00a017-VIII-1740 &#8211; 3-V-1758<br>247.\u00a0Klemens XII\u00a012-VII-1730 &#8211; 6-II-1740<br>246.\u00a0Benedykt XIII\u00a029-V-1724 &#8211; 21-II-1730<br>245.\u00a0Innocenty\u00a0XIII\u00a08-V-1721 &#8211; 7-III-1724<br>244.\u00a0Klemens XI\u00a023-XI-1700 &#8211; 19-III-1721<br>243.\u00a0Innocenty XII\u00a012-VII-1691 &#8211; 27-IX-1700<br>242.\u00a0Aleksander VIII\u00a06-X-1689 &#8211; 1-II-1691<br>241.\u00a0Innocenty XI, b\u0142. 21-IX-1676 &#8211; 12-VIII-1689<br>240.\u00a0Klemens X\u00a029-IV-1670 &#8211; 22-VII-1676<br>239.\u00a0Klemens IX\u00a020-VI-1667 &#8211; 9-XII-1669<br>238.\u00a0Aleksander VII\u00a07-IV-1655 &#8211; 22-V-1667<br>237.\u00a0Innocenty X\u00a015-IX-1644 &#8211; 1-I-1655<br>236.\u00a0Urban VIII\u00a06-VIII-1623 &#8211; 29-VII-1644<br>235.\u00a0Grzegorz XV\u00a09-II-1621 &#8211; 8-VII-1623<br>234.\u00a0Pawe\u0142 V\u00a016-V-1605 &#8211; 28-I-1621<br>233.\u00a0Leon XI\u00a01-IV-1605 &#8211; 27-IV-1605<br>232.\u00a0Klemens VIII\u00a030-I-1592 &#8211; 5-III-1605<br>231.\u00a0Innocenty IX\u00a029-X-1591 &#8211; 30-XII-1591<br>230.\u00a0Grzegorz XIV\u00a05-XII-1590 &#8211; 16-X-1591<br>229.\u00a0Urban VII\u00a015-IX-1590 &#8211; 27-IX-1590<br>228.\u00a0Sykstus V\u00a024-IV-1585 &#8211; 27-VIII-1590<br>227.\u00a0Grzegorz XIII\u00a014-V-1572 &#8211; 10-IV-1585<br>226.\u00a0Pius V, \u015bw. 7-I-1566 &#8211; 1-V-1572<br>225.\u00a0Pius IV\u00a025-XII-1559 &#8211; 9-XII-1565<br>224.\u00a0Pawe\u0142 IV\u00a023-V-1555 &#8211; 18-VIII-1559<br>223.\u00a0Marcelin II\u00a09-IV-1555 &#8211; 1-V-1555<br>222.\u00a0Juliusz III\u00a08-II-1550 &#8211; 23-III-1555<br>221.\u00a0Pawe\u0142 III\u00a013-X-1534 &#8211; 10-XI-1549<br>220.\u00a0<\/em><em>Klemens VII\u00a019-XI-1523 &#8211; 25-IX-1534<br>219.\u00a0Hadrian VI\u00a09-I-1522 &#8211; 14-IX-1523<br>218.\u00a0<\/em><em>Leon<\/em><em>\u00a0X\u00a011-III-1513 &#8211; 1-XII-1521<br>217.\u00a0Juliusz II\u00a01-XI-1503 &#8211; 21-II-1513<br>216.\u00a0Pius III\u00a022-IX-1503 &#8211; 18-X-1503<br>215.\u00a0Aleksander VI\u00a011-VIII-1492 &#8211; 18-VIII-1503<br>214.\u00a0Innocenty VIII\u00a029-VIII-1484 &#8211; 25-VII-1492<br>213.\u00a0Sykstus IV\u00a09-VIII-1471 &#8211; 12-VIII-1484<br>212.\u00a0Pawe\u0142 II\u00a030-VIII-1464 &#8211; 26-VII-1471<br>211.\u00a0Pius II\u00a019-VIII-1458 &#8211; 15-VIII-1464<br>210.\u00a0Kalikst III\u00a08-IV-1455 &#8211; 6-VIII-1458<br>209.\u00a0Miko\u0142aj V\u00a06-III-1447 &#8211; 24-III-1455<br>208.\u00a0Eugeniusz IV\u00a03-III-1431 &#8211; 23-II-1447<br>207.\u00a0Marcin V\u00a011-XI-1417 &#8211; 20-II-1431<br>206.\u00a0Grzegorz XII\u00a030-XI-1406 &#8211; 4-VII-1415<br>205.\u00a0Innocenty VII\u00a017-X-1404 &#8211; 6-XI-1406<br>204.\u00a0Bonifacy IX\u00a02-XI-1389 &#8211; 1-X-1404<br>203.\u00a0Urban VI\u00a08-IV-1378 &#8211; 15-X-1389<br>202.\u00a0Grzegorz XI\u00a030-XII-1370 &#8211; 27-III-1378<br>201.\u00a0Urban V, b\u0142. 28-IX-1362 &#8211; 19-XII-1370<br>200.\u00a0Innocenty VI\u00a018-XII-1352 &#8211; 12-IX-1362<br>199.\u00a0Klemens VI\u00a07-V-1342 &#8211; 6-XII-1352<br>198.\u00a0Benedykt XII\u00a020-XII-1334 &#8211; 25-IV-1342<br>197.\u00a0Jan XXII\u00a07-VIII-1316 &#8211; 4-XII-1334<br>196.\u00a0Klemens V\u00a05-VI-1305 &#8211; 20-IV-1314<br>195.\u00a0Benedykt XI, b\u0142. 22-X-1303 &#8211; 7-VII-1304<br>194.\u00a0Bonifacy VIII\u00a024-XII-1294 &#8211; 11-X-1303<br>193.\u00a0Celestyn V, \u015bw. 5-VII-1294 &#8211; 13-XII-1294<br>192.\u00a0Miko\u0142aj IV\u00a022-II-1288 &#8211; 4-IV-1292<br>191.\u00a0Honoriusz IV\u00a02-IV-1285 &#8211; 3-IV-1287<br>190.\u00a0Marcin IV\u00a022-II-1281 &#8211; 28-III-1285<br>189.\u00a0Miko\u0142aj III\u00a025-X-1277 &#8211; 22-VIII-1280<br>188.\u00a0Jan XXI\u00a08-IX-1276 &#8211; 20-V-1277<br>187.\u00a0Hadrian V\u00a011-VII-1276 &#8211; 18-VIII-1276<br>186.\u00a0Innocenty V, b\u0142. 21-I-1276 &#8211; 22-VI-1276<br>185.\u00a0Grzegorz X, b\u0142. 1-IX-1271 &#8211; 10-I-1276<br>184.\u00a0Klemens IV\u00a05-II-1265 &#8211; 29-XI-1268<br>183.\u00a0Urban IV\u00a029-VIII-1261 &#8211; 2-X-1264<br>182.\u00a0Aleksander IV\u00a012-XII-1254 &#8211; 25-V-1261<br>181.\u00a0Innocenty IV\u00a025-VI-1243 &#8211; 7-XII-1254<br>180.\u00a0Celestyn IV\u00a025-X-1241 &#8211; 10-XI-1241<br>179.\u00a0Grzegorz IX\u00a019-III-1227 &#8211; 22-VIII-1241<br>178.\u00a0Honoriusz III\u00a018-VII-1216 &#8211; 18-III-1227<br>177.\u00a0Innocenty III\u00a08-I-1198 &#8211; 16-VII-1216<br>176.\u00a0Celestyn III\u00a030-III-1191 &#8211; 8-I-1198<br>175.\u00a0Klemens III\u00a019-XII-1187 &#8211; III-1191<br>174.\u00a0Grzegorz VIII\u00a021-X-1187 &#8211; 17-XII-1187<br>173.\u00a0Urban III\u00a025-XI-1185 &#8211; 20-X-1187<br>172.\u00a0Lucjusz III\u00a01-IX-1181 &#8211; 25-IX-1185<br>171. Aleksander III\u00a07-IX-1159 &#8211; 30-VIII-1181<br>170.\u00a0Hadrian IV\u00a04 lub 5-XII-1154 &#8211; 1-IX-1159<br>169.\u00a0Anastazy IV\u00a012-VII-1153 &#8211; 3-XII-1154<br>168.\u00a0Eugeniusz III, b\u0142. 15-II-1145 &#8211; 8-VII-1153<br>167.\u00a0Lucjusz II\u00a012-III-1144 &#8211; 15-II-1145<br>166.\u00a0Celestyn II\u00a026-IX-1143 &#8211; 8-III-1144<br>165.\u00a0Innocenty II\u00a014-II-1130 &#8211; 25-I-1143<br>164.\u00a0Honoriusz II\u00a021-XII-1124 &#8211; 13-II-1130<br>163.\u00a0Kalikst II\u00a02-II-1119 &#8211; 13-XII-1124<br>162.\u00a0Gelazjusz II\u00a024-I-1118 &#8211; 29-I-1119<br>161.\u00a0Paschalis II\u00a013 lub 14-VIII-1099 &#8211; 21-I-1118<br>160.\u00a0Urban II, b\u0142. 12-III-1088 &#8211; 29-VII-1099<br>159.\u00a0Wiktor III, b\u0142. 24-V-1086 &#8211; 16-IX-1087<br>158.\u00a0Grzegorz VII, \u015bw. 22-IV-1073 &#8211; 25-V-1085<br>157.\u00a0Aleksander II\u00a01-X-1061 &#8211; 21-IV-1073<br>156.\u00a0Miko\u0142aj II\u00a024-I-1059 &#8211; 27-VII-1061<br>155.\u00a0Stefan IX (X)\u00a03-VIII-1057 &#8211; 29-III-1058<br>154.\u00a0<\/em><em>Wiktor II\u00a013-IV-1055 &#8211; 28-VII-1057<br>153.\u00a0Leon IX, \u015bw. 12-II-1049 &#8211; 19-IV-1054<br>152.\u00a0Damazy II\u00a017-VII-1048 &#8211; 9-VIII-1048<br>151.\u00a0Benedykt IX\u00a08-XI-1047 &#8211; 17-VII-1048<br>150.\u00a0Klemens II\u00a024 lub 25-XII-1046 &#8211; 9-X-1047<br>149.\u00a0Grzegorz VI\u00a05-V-1045 &#8211; 20-XII-1046<br>148.\u00a0Benedykt IX\u00a010-IV-1045 &#8211; 1-V-1045<br>147.\u00a0Sylwester III\u00a020-I-1045 &#8211; 10-V-1045<br>146.\u00a0Benedykt IX\u00a0X-1032 &#8211; IX-1044<br>145.\u00a0Jan XIX\u00a0mi\u0119dzy 12-IV-a 10-V-1024 &#8211; 1032<br>144.\u00a0Benedykt VIII\u00a018-V-1012 &#8211; 9-IV-1024<br>143.\u00a0Sergiusz IV\u00a031-VII-1009 &#8211; 12-V-1012<br>142.\u00a0Jan XVIII\u00a0I-1004 &#8211; VII-1009<br>141.\u00a0Jan XVII\u00a0VI-1003 &#8211; XII-1003<br>140.\u00a0Sylwester II\u00a02-IV-999 &#8211; 12-V-1003<br>139.\u00a0Grzegorz V\u00a03-V-996 &#8211; 18-II-999<br>138.\u00a0Jan XV\u00a0VIII-985 &#8211; III-996<br>137.\u00a0Jan XIV\u00a0XII-983 &#8211; 20-VIII-984<br>136.\u00a0Benedykt VII\u00a0X-974 &#8211; 10-VII-983<br>135.\u00a0Benedykt VI\u00a019-I-973 &#8211; VI-974<br>134.\u00a0Jan XIII\u00a01-X-965 &#8211; 6-IX-972<br>133.\u00a0Benedykt V\u00a022-V-964 &#8211; 4-VII-965<br>132.\u00a0Leon VIII\u00a04 lub 6-XII-963 &#8211; 1-III-965<br>131.\u00a0Jan XII\u00a016-XII-955 &#8211; 14-V-964<br>130.\u00a0Agapit II\u00a010-V-946 &#8211; XII-955<br>129.\u00a0Marynus II\u00a030-X-942 &#8211; V-946<br>128.\u00a0Stefan VIII(IX)\u00a014-VII-939 &#8211; X-942<br>127.\u00a0Leon VII\u00a03-I-936 &#8211; 13-VII-939<br>126.\u00a0Jan XI\u00a0II lub III-931 &#8211; XII-935<br>125.\u00a0Stefan VII(VIII)\u00a0XII-928 &#8211; II-931<br>124.\u00a0Leon VI\u00a0V-928 &#8211; XII-928<br>123.\u00a0Jan X\u00a0III-914 &#8211; III-928<br>122.\u00a0Lando\u00a0VII-913 &#8211; II-914<br>121.\u00a0Anastazy III\u00a0IV-911 &#8211; VI-913<br>120.\u00a0Sergiusz III\u00a029-I-904 &#8211; 14-IV-911<br>119.\u00a0Leon V\u00a0VII-903 &#8211; IX-904<br>118.\u00a0Benedykt IV\u00a0I lub II-900 &#8211; VII-903<br>117.\u00a0Jan IX\u00a0I-898 &#8211; I-900<br>116.\u00a0Teodor II\u00a0XII-897 &#8211; XII-897<br>115.\u00a0Roman\u00a0VIII-897 &#8211; XI-897<br>114.\u00a0Stefan VI(VII)\u00a0V-896 &#8211; VIII-897<br>113.\u00a0Bonifacy VI\u00a0IV-896 &#8211; IV-896<br>112.\u00a0Formosus\u00a06-X-891 &#8211; 4-IV-896<br>111.\u00a0Stefan V(VI)\u00a0IX-885 &#8211; 14-IX-891<br>110.\u00a0Hadrian III, \u015bw. 17-V-884 &#8211; IX-885<br>109.\u00a0Marynus I\u00a016-XII-882 &#8211; 15-V-884<br>108.\u00a0Jan VIII\u00a014-XII-872 &#8211; 16-XII-882<br>107.\u00a0Hadrian II\u00a014-XII-867 &#8211; 14-XII-872<br>106.\u00a0Miko\u0142aj I, \u015bw. 24-IV-858 &#8211; 13-XI-867<br>105.\u00a0Benedykt III\u00a029-IX-855 &#8211; 17-IV-858<br>104.\u00a0Leon IV, \u015bw. 10-IV-847 &#8211; 17-VII-855<br>103.\u00a0Sergiusz II\u00a0I-844 &#8211; 27-I-847<br>102.\u00a0Grzegorz IV\u00a0827 &#8211; I-844<br>101.\u00a0Walentyn\u00a0VIII-827 &#8211; IX-827<br>100.\u00a0Eugeniusz II\u00a0II-V-824 &#8211; VIII-827<br>99.\u00a0Paschalis I, \u015bw. 25-I-817 &#8211; 11-II-824<br>98.\u00a0Stefan IV(V)\u00a022-VI-816 &#8211; 24-I-817<br>97.\u00a0Leon III, \u015bw. 26 lub 27-XII-795 &#8211; 12-VI-816<br>96.\u00a0Hadrian I\u00a01 lub 9-II-772 &#8211; 25-XII-795<br>95.\u00a0Stefan III(IV)\u00a01 lub 7-VIII-768 &#8211; 24-I-772<br>94.\u00a0Pawe\u0142 I, \u015bw, 29-V-757 &#8211; 28-VI-767<br>93.\u00a0Stefan II(III)\u00a026-III-752 &#8211; 26-IV-757<br>92.\u00a0Stefan II\u00a022 lub 23-III-752 &#8211; 25 lub 26-III-752<br>91.\u00a0Zachariasz, \u015bw. 10-XII-741 &#8211; 22-III-752<br>90.\u00a0Grzegorz III, \u015bw. 18-III-731 &#8211; XI-741<br>89.\u00a0Grzegorz II, \u015bw. 19-V-715 &#8211; 11-II-731<br>88.\u00a0Konstantyn I\u00a025-III-708 &#8211; 9-IV-715<br>87.\u00a0Syzyniusz\u00a015-I-708 &#8211; 4-II-708<br>86.\u00a0Jan VII\u00a01-III-705 &#8211; 18-X-707<br>85.\u00a0Jan VI\u00a030-X-701 &#8211; 11-I-705<br>84.\u00a0Sergiusz I, \u015bw. 15-II-687 &#8211; 9-IX-701<br>83.\u00a0Konon\u00a021-X-686 &#8211; 21-IX-687<br>82.\u00a0Jan V\u00a023-VII-685 &#8211; 2-VIII-686<br>81.\u00a0Benedykt II, \u015bw. 26-VI-684 &#8211; 8-V-685<br>80.\u00a0Leon II, \u015bw. 17-VIII-682 &#8211; 3-VII-683<br>79.\u00a0Agaton, \u015bw. 27-VI-678 &#8211; 10-I-681<br>78.\u00a0Donus\u00a02-XI-676 &#8211; 11-IV-678<br>77.\u00a0Adeodat II\u00a011-IV-672 &#8211; 17-VI-676<br>76.\u00a0Witalian, \u015bw. 30-VI-657 &#8211; 27-I-672<br>75.\u00a0Eugeniusz I, \u015bw. 10-VIII-654 &#8211; 2-VI-657<br>74.\u00a0Marcin I, \u015bw. VII-649 &#8211; 16-IX-655<br>73.\u00a0Teodor I\u00a024-XI-642 &#8211; V-649<br>72.\u00a0Jan IV\u00a024-XII-640 &#8211; 12-X-642<br>71.\u00a0Seweryn\u00a028-V-640 &#8211; 2-VIII-640<br>70.\u00a0Honoriusz I\u00a027-X-625 &#8211; 12-X-638<br>69.\u00a0Bonifacy V\u00a023-XII-619 &#8211; 25-X-625<br>68.\u00a0Adeodat I (Deusdedit ), \u015bw 19-X-615 &#8211; 8-XI-618<br>67.\u00a0Bonifacy IV, \u015bw. 25-VIII-608 &#8211; 8-V-615<br>66.\u00a0Bonifacy III\u00a019-II-607 &#8211; 22-XI-607<br>65.\u00a0Sabinian\u00a013-IX-604 &#8211; 22-II-606<br>64.\u00a0Grzegorz I, \u015bw. 3-IX-590 &#8211; 12-III-604<br>63.\u00a0Pelagiusz II\u00a026-XI-579 &#8211; 7-II-590<br>62.\u00a0Benedykt I\u00a02-VI-575 &#8211; 30-VII-579<br>61.\u00a0Jan III\u00a017-VII-561 &#8211; 13-VII-574<br>60.\u00a0Pelagiusz I\u00a016-IV-556 &#8211; 4-III-561<br>59.\u00a0Wigiliusz\u00a029-III-537 &#8211; 7-VI-555<br>58.\u00a0Sylweriusz, \u015bw. 1-VI-536 &#8211; III-537<br>57.\u00a0Agapit I, \u015bw. 13-V-535 &#8211; 22-IV-536<br>56.\u00a0Jan II\u00a02-I-533 &#8211; 8-V-535<br>55.\u00a0Bonifacy II\u00a022-IX-530 &#8211; 17-X-532<br>54.\u00a0Feliks IV (III), \u015bw. 12-VII-526 &#8211; 22-IX-530<br>53.\u00a0Jan I, \u015bw. 13-VIII-523 &#8211; 18-V-526<br>52.\u00a0Hormizdas, \u015bw. 20-VII-514 &#8211; 6-VIII-523<br>51.\u00a0Symmachus (Symmach), \u015bw. 22-XI-498 &#8211; 19-VII-514<br>50.\u00a0Anastazy II\u00a024-XI-496 &#8211; 19-XI-498<br>49.\u00a0Gelazjusz I, \u015bw. 1-III-492 &#8211; 21-XI-496<br>48.\u00a0Feliks III (II), \u015bw. 13-III-483 &#8211; 1-III-492<br>47.\u00a0Symplicjusz, \u015bw. 3-III-468 &#8211; 10-III-483<br>46.\u00a0Hilary, \u015bw. 19-XI-461 &#8211; 29-II-468<br>45.\u00a0Leon I, \u015bw. 29-IX-440 &#8211; 10-XI-461<br>44.\u00a0Sykstus III, \u015bw. 31-VII-432 &#8211; 19-VIII-440<br>43.\u00a0Celestyn I, \u015bw. 10-IX-422 &#8211; 27-VII-432<br>42.\u00a0Bonifacy I, \u015bw. 28 lub 29-XII-418 &#8211; 4-IX-422<br>41.\u00a0Zosymus (Zozym), \u015bw. 18-III-417 &#8211; 26-XII-418<br>40.\u00a0Innocenty I, \u015bw. 22-XII-401 &#8211; 12-III-417<br>39.\u00a0Anastazy I, \u015bw. 27-XI-399 &#8211; 19-XII-403<br>38.\u00a0Syrycjusz, \u015bw. XII-384 &#8211; 26-XI-399<br>37.\u00a0Damazy I, \u015bw. 1-X-366 &#8211; 11-XII-384<br>36.\u00a0Liberiusz\u00a017-V-352 &#8211; 24-IX-366<br>35.\u00a0Juliusz I, \u015bw. 6-II-337 &#8211; 12-IV-352<br>34.\u00a0Marek, \u015bw. 18-I-336 &#8211; 7-X-336<br>33.\u00a0Sylwester I, \u015bw. 31-I-314 &#8211; 31-XII-335<br>32.\u00a0Milcjades, \u015bw. 2-VII-311 &#8211; 11-I-314<br>31.\u00a0Euzebiusz, \u015bw. 18-IV-309 &#8211; 17-VIII-309<br>30.\u00a0Marceli I, \u015bw. 27-V-308 &#8211; 16-I-309<br>29.\u00a0Marcelin, \u015bw. 30-VI-296 &#8211; 25-X-304<br>28.\u00a0Kajus (Gajus), \u015bw. 17-XII-283 &#8211; 22-IV-296<br>27.\u00a0Eutychian, \u015bw. 4-I-275 &#8211; 7-XII-283<br>26.\u00a0Feliks I, \u015bw. 5-I-269 &#8211; 30-XII-274<br>25.\u00a0Dionizy, \u015bw. 22-VII-260 &#8211; 26-XII-268<br>24.\u00a0Sykstus II, \u015bw. 30-VIII-257 &#8211; 6-VIII-258<br>23.\u00a0Stefan I, \u015bw. 12-V-254 &#8211; 2-VIII-257<br>22.\u00a0Lucjusz I, \u015bw. 25-VI-253 &#8211; 5-III-254<br>21.\u00a0Korneliusz, \u015bw. III-251 &#8211; VI-253<br>20.\u00a0Fabian, \u015bw. 10-I-236 &#8211; 20-I-250<br>19.\u00a0Anterus, \u015bw. 21-XI-235 &#8211; 3-I-236<br>18.\u00a0Poncjan, \u015bw. 21-VII-230 &#8211; 28-IX-235<br>17.\u00a0Urban I, \u015bw. 222 &#8211; 230<br>16.\u00a0Kalikst I,\u00a0\u015bw. 217 &#8211; 222<br>15.\u00a0Zefiryn, \u015bw. 199 &#8211; 217<br>14.\u00a0Wiktor I, \u015bw. 189 &#8211; 199<br>13.\u00a0Eleuter (Eleuteriusz), \u015bw. ok. 175 &#8211; 189<br>12.\u00a0Soter, \u015bw. ok. 166 &#8211; ok. 175<br>11.\u00a0Anicet, \u015bw. ok. 155 &#8211; ok. 166<br>10.\u00a0Pius I, \u015bw. ok. 140 &#8211; ok. 155<br>9.\u00a0Hyginius, \u015bw. ok. 136 &#8211; ok. 140<br>8.\u00a0Telesfor, \u015bw. ok. 125 &#8211; ok. 136<br>7.\u00a0Sykstus I, \u015bw. ok. 115 &#8211; ok. 125<br>6.\u00a0Aleksander I, \u015bw. ok. 105 &#8211; ok. 115<br>5.\u00a0Ewaryst, \u015bw. ok. 97 &#8211; ok. 105<br>4.\u00a0Klemens, \u015bw. ok. 88 &#8211; ok. 97<br>3.\u00a0Anaklet I, \u015bw. ok. 76 &#8211; ok. 88<br>2.\u00a0Linus, \u015bw. ok. 67 &#8211; ok. 76<br>1.\u00a0Piotr, \u015bw. ok. 32 &#8211; ok. 67<\/em><\/strong><\/p>\n","protected":false},"excerpt":{"rendered":"<p>267.\u00a0Franciszek\u00a013-03-2013 &#8211; OBECNIE266.\u00a0Benedykt XVI\u00a019-IV-2005 &#8211; 28-02-2013 (rezygnacja) &#8211; 31.12.2022265.\u00a0Jan Pawe\u0142 II, b\u0142.\u00a0 16-X-1978 &#8211; 02-IV-2005264.\u00a0Jan Pawe\u0142 I\u00a026-VIII-1978 &#8211; 28-IX-1978263.\u00a0Pawe\u0142 VI\u00a021-VI-1963 &#8211; 6-VIII-1978262.\u00a0Jan XXIII, b\u0142. 28-X-1958 &#8211; 3-VI-1963261.\u00a0Pius XII\u00a02-III-1939 &#8211; 9-X-1958260.\u00a0Pius XI\u00a06-II-1922 &#8211; 10-II-1939259.\u00a0Benedykt XV\u00a03-IX-1914 &#8211; 22-I-1922258.\u00a0Pius X, \u015bw. 4-VIII-1903 &#8211; 20-VIII-1914257.\u00a0Leon XIII\u00a020-II-1878 &#8211; 20-VII-1903256.\u00a0Pius IX, b\u0142. 16-VI-1846 &#8211; 7-II-1878255.\u00a0Grzegorz XVI\u00a02-II-1831 &#8211; 1-VI-1846254.\u00a0Pius VIII\u00a031-III-1829 &#8211; 30-XI-1830253.\u00a0Leon &hellip; <\/p>\n<p class=\"link-more\"><a href=\"https:\/\/albert.przemyska.pl\/?page_id=357\" class=\"more-link\">Czytaj dalej<span class=\"screen-reader-text\"> \u201ePoczet wszystkich Papie\u017cy Ko\u015bcio\u0142a Katolickiego:\u201d<\/span><\/a><\/p>\n","protected":false},"author":1,"featured_media":0,"parent":336,"menu_order":0,"comment_status":"closed","ping_status":"closed","template":"","meta":{"footnotes":""},"class_list":["post-357","page","type-page","status-publish","hentry"],"_links":{"self":[{"href":"https:\/\/albert.przemyska.pl\/index.php?rest_route=\/wp\/v2\/pages\/357","targetHints":{"allow":["GET"]}}],"collection":[{"href":"https:\/\/albert.przemyska.pl\/index.php?rest_route=\/wp\/v2\/pages"}],"about":[{"href":"https:\/\/albert.przemyska.pl\/index.php?rest_route=\/wp\/v2\/types\/page"}],"author":[{"embeddable":true,"href":"https:\/\/albert.przemyska.pl\/index.php?rest_route=\/wp\/v2\/users\/1"}],"replies":[{"embeddable":true,"href":"https:\/\/albert.przemyska.pl\/index.php?rest_route=%2Fwp%2Fv2%2Fcomments&post=357"}],"version-history":[{"count":2,"href":"https:\/\/albert.przemyska.pl\/index.php?rest_route=\/wp\/v2\/pages\/357\/revisions"}],"predecessor-version":[{"id":1364,"href":"https:\/\/albert.przemyska.pl\/index.php?rest_route=\/wp\/v2\/pages\/357\/revisions\/1364"}],"up":[{"embeddable":true,"href":"https:\/\/albert.przemyska.pl\/index.php?rest_route=\/wp\/v2\/pages\/336"}],"wp:attachment":[{"href":"https:\/\/albert.przemyska.pl\/index.php?rest_route=%2Fwp%2Fv2%2Fmedia&parent=357"}],"curies":[{"name":"wp","href":"https:\/\/api.w.org\/{rel}","templated":true}]}}